Last updated on 2025-04-30 04:50:11 CEST.
Flavor | Version | Tinstall | Tcheck | Ttotal | Status | Flags |
---|---|---|---|---|---|---|
r-devel-linux-x86_64-debian-clang | 8.0-2 | 72.02 | 373.98 | 446.00 | NOTE | |
r-devel-linux-x86_64-debian-gcc | 8.0-2 | 46.45 | 238.29 | 284.74 | NOTE | |
r-devel-linux-x86_64-fedora-clang | 8.0-2 | 781.10 | OK | |||
r-devel-linux-x86_64-fedora-gcc | 8.0-2 | 707.62 | OK | |||
r-devel-windows-x86_64 | 8.0-2 | 67.00 | 364.00 | 431.00 | OK | |
r-patched-linux-x86_64 | 8.0-2 | 75.33 | 350.42 | 425.75 | OK | |
r-release-linux-x86_64 | 8.0-2 | 68.11 | 348.49 | 416.60 | OK | |
r-release-macos-arm64 | 8.0-2 | 163.00 | OK | |||
r-release-macos-x86_64 | 8.0-2 | 378.00 | OK | |||
r-release-windows-x86_64 | 8.0-2 | 70.00 | 349.00 | 419.00 | OK | |
r-oldrel-macos-arm64 | 8.0-2 | 176.00 | OK | |||
r-oldrel-macos-x86_64 | 8.0-2 | 397.00 | OK | |||
r-oldrel-windows-x86_64 | 8.0-2 | 94.00 | 468.00 | 562.00 | OK |
Version: 8.0-2
Check: examples
Result: NOTE
Examples with CPU (user + system) or elapsed time > 5s
user system elapsed
metainf 6.984 0.011 8.573
metaprop 6.210 0.008 7.616
metacum 5.464 0.000 5.494
Flavor: r-devel-linux-x86_64-debian-clang
Version: 8.0-2
Check: examples
Result: NOTE
Examples with CPU (user + system) or elapsed time > 5s
user system elapsed
metainf 3.950 0.020 5.114
metaprop 3.827 0.008 5.162
metacum 3.401 0.060 5.530
Flavor: r-devel-linux-x86_64-debian-gcc