Last updated on 2025-04-30 04:50:11 CEST.
Flavor | Version | Tinstall | Tcheck | Ttotal | Status | Flags |
---|---|---|---|---|---|---|
r-devel-linux-x86_64-debian-clang | 1.0.0 | 6.58 | 49.34 | 55.92 | NOTE | |
r-devel-linux-x86_64-debian-gcc | 1.0.0 | 5.00 | 37.70 | 42.70 | NOTE | |
r-devel-linux-x86_64-fedora-clang | 1.0.0 | 86.28 | OK | |||
r-devel-linux-x86_64-fedora-gcc | 1.0.0 | 86.41 | OK | |||
r-devel-windows-x86_64 | 1.0.0 | 7.00 | 65.00 | 72.00 | OK | |
r-patched-linux-x86_64 | 1.0.0 | 5.51 | 48.92 | 54.43 | OK | |
r-release-linux-x86_64 | 1.0.0 | 6.62 | 47.22 | 53.84 | OK | |
r-release-macos-arm64 | 1.0.0 | 28.00 | OK | |||
r-release-macos-x86_64 | 1.0.0 | 48.00 | OK | |||
r-release-windows-x86_64 | 1.0.0 | 7.00 | 66.00 | 73.00 | OK | |
r-oldrel-macos-arm64 | 1.0.0 | 27.00 | NOTE | |||
r-oldrel-macos-x86_64 | 1.0.0 | 66.00 | NOTE | |||
r-oldrel-windows-x86_64 | 1.0.0 | 8.00 | 71.00 | 79.00 | NOTE |
Version: 1.0.0
Check: CRAN incoming feasibility
Result: NOTE
Maintainer: ‘Xin Yang <xyang.krystal@gmail.com>’
The Description field contains
Luo et al. (2016) <arXiv:1505.05687>, sample standard deviation
estimators by Wan et al. (2014) <arXiv:1407.8038>, and the best linear
Please refer to arXiv e-prints via their arXiv DOI <doi:10.48550/arXiv.YYMM.NNNNN>.
Flavors: r-devel-linux-x86_64-debian-clang, r-devel-linux-x86_64-debian-gcc
Version: 1.0.0
Check: LazyData
Result: NOTE
'LazyData' is specified without a 'data' directory
Flavors: r-oldrel-macos-arm64, r-oldrel-macos-x86_64, r-oldrel-windows-x86_64