Last updated on 2025-04-30 04:50:11 CEST.
Flavor | Version | Tinstall | Tcheck | Ttotal | Status | Flags |
---|---|---|---|---|---|---|
r-devel-linux-x86_64-debian-clang | 1.2.1 | 16.59 | 171.00 | 187.59 | NOTE | |
r-devel-linux-x86_64-debian-gcc | 1.2.1 | 10.52 | 123.52 | 134.04 | OK | |
r-devel-linux-x86_64-fedora-clang | 1.2.1 | 289.12 | OK | |||
r-devel-linux-x86_64-fedora-gcc | 1.2.1 | 288.23 | OK | |||
r-devel-windows-x86_64 | 1.2.1 | 18.00 | 185.00 | 203.00 | OK | |
r-patched-linux-x86_64 | 1.2.1 | 15.98 | 163.57 | 179.55 | OK | |
r-release-linux-x86_64 | 1.2.1 | 14.86 | 160.46 | 175.32 | OK | |
r-release-macos-arm64 | 1.2.1 | 89.00 | OK | |||
r-release-macos-x86_64 | 1.2.1 | 189.00 | OK | |||
r-release-windows-x86_64 | 1.2.1 | 18.00 | 187.00 | 205.00 | OK | |
r-oldrel-macos-arm64 | 1.2.1 | 95.00 | NOTE | |||
r-oldrel-macos-x86_64 | 1.2.1 | 192.00 | NOTE | |||
r-oldrel-windows-x86_64 | 1.2.1 | 22.00 | 223.00 | 245.00 | NOTE |
Version: 1.2.1
Check: examples
Result: NOTE
Examples with CPU (user + system) or elapsed time > 5s
user system elapsed
metaGE.manhattan 4.250 0.037 5.425
metaGE.fit 4.108 0.084 5.324
Flavor: r-devel-linux-x86_64-debian-clang
Version: 1.2.1
Check: installed package size
Result: NOTE
installed size is 5.2Mb
sub-directories of 1Mb or more:
data 4.2Mb
Flavors: r-oldrel-macos-arm64, r-oldrel-macos-x86_64, r-oldrel-windows-x86_64