Last updated on 2025-04-30 04:50:11 CEST.
Flavor | Version | Tinstall | Tcheck | Ttotal | Status | Flags |
---|---|---|---|---|---|---|
r-devel-linux-x86_64-debian-clang | 3.1.3 | 3.36 | 38.24 | 41.60 | NOTE | |
r-devel-linux-x86_64-debian-gcc | 3.1.3 | 2.38 | 29.03 | 31.41 | NOTE | |
r-devel-linux-x86_64-fedora-clang | 3.1.3 | 68.44 | OK | |||
r-devel-linux-x86_64-fedora-gcc | 3.1.3 | 77.75 | OK | |||
r-devel-windows-x86_64 | 3.1.3 | 4.00 | 82.00 | 86.00 | OK | |
r-patched-linux-x86_64 | 3.1.3 | 3.02 | 36.44 | 39.46 | OK | |
r-release-linux-x86_64 | 3.1.3 | 3.41 | 36.62 | 40.03 | OK | |
r-release-macos-arm64 | 3.1.3 | 35.00 | OK | |||
r-release-macos-x86_64 | 3.1.3 | 54.00 | OK | |||
r-release-windows-x86_64 | 3.1.3 | 5.00 | 78.00 | 83.00 | OK | |
r-oldrel-macos-arm64 | 3.1.3 | 29.00 | NOTE | |||
r-oldrel-macos-x86_64 | 3.1.3 | 46.00 | OK | |||
r-oldrel-windows-x86_64 | 3.1.3 | 4.00 | 72.00 | 76.00 | OK |
Version: 3.1.3
Check: CRAN incoming feasibility
Result: NOTE
Maintainer: ‘Samuel Blanck <samuel.blanck@univ-lille.fr>’
No Authors@R field in DESCRIPTION.
Please add one, modifying
Authors@R: c(person(given = "Guillemette",
family = "Marot",
role = c("aut", "cre")),
person(given = "Samuel",
family = "Blanck",
role = "cre",
email = "samuel.blanck@univ-lille.fr"))
as necessary.
Package CITATION file contains call(s) to old-style personList() or
as.personList(). Please use c() on person objects instead.
Package CITATION file contains call(s) to old-style citEntry(). Please
use bibentry() instead.
Flavors: r-devel-linux-x86_64-debian-clang, r-devel-linux-x86_64-debian-gcc
Version: 3.1.3
Check: package dependencies
Result: NOTE
Packages suggested but not available for checking:
'hgu133plus2.db', 'hgu133a.db', 'hgu95av2.db'
Flavor: r-oldrel-macos-arm64