CRAN Package Check Results for Package metaSurvival

Last updated on 2025-04-30 04:50:11 CEST.

Flavor Version Tinstall Tcheck Ttotal Status Flags
r-devel-linux-x86_64-debian-clang 0.1.0 2.03 20.48 22.51 OK
r-devel-linux-x86_64-debian-gcc 0.1.0 1.52 16.80 18.32 OK
r-devel-linux-x86_64-fedora-clang 0.1.0 34.97 NOTE
r-devel-linux-x86_64-fedora-gcc 0.1.0 32.62 NOTE
r-devel-windows-x86_64 0.1.0 3.00 42.00 45.00 OK
r-patched-linux-x86_64 0.1.0 1.86 18.57 20.43 OK
r-release-linux-x86_64 0.1.0 2.23 18.49 20.72 OK
r-release-macos-arm64 0.1.0 17.00 OK
r-release-macos-x86_64 0.1.0 24.00 OK
r-release-windows-x86_64 0.1.0 3.00 42.00 45.00 OK
r-oldrel-macos-arm64 0.1.0 16.00 OK
r-oldrel-macos-x86_64 0.1.0 21.00 OK
r-oldrel-windows-x86_64 0.1.0 4.00 42.00 46.00 OK

Check Details

Version: 0.1.0
Check: dependencies in R code
Result: NOTE Namespace in Imports field not imported from: ‘survival’ All declared Imports should be used. Flavors: r-devel-linux-x86_64-fedora-clang, r-devel-linux-x86_64-fedora-gcc