Last updated on 2025-07-05 04:50:19 CEST.
Flavor | Version | Tinstall | Tcheck | Ttotal | Status | Flags |
---|---|---|---|---|---|---|
r-devel-linux-x86_64-debian-clang | 0.3.8 | 33.19 | 193.59 | 226.78 | OK | |
r-devel-linux-x86_64-debian-gcc | 0.3.8 | 21.65 | 125.85 | 147.50 | OK | |
r-devel-linux-x86_64-fedora-clang | 0.3.8 | 358.38 | NOTE | |||
r-devel-linux-x86_64-fedora-gcc | 0.3.8 | 377.58 | NOTE | |||
r-devel-windows-x86_64 | 0.3.8 | 37.00 | 246.00 | 283.00 | OK | |
r-patched-linux-x86_64 | 0.3.8 | 38.34 | 174.93 | 213.27 | OK | |
r-release-linux-x86_64 | 0.3.8 | 33.33 | 178.02 | 211.35 | OK | |
r-release-macos-arm64 | 0.3.8 | 93.00 | OK | |||
r-release-macos-x86_64 | 0.3.8 | 126.00 | OK | |||
r-release-windows-x86_64 | 0.3.8 | 40.00 | 246.00 | 286.00 | OK | |
r-oldrel-macos-arm64 | 0.3.8 | 97.00 | OK | |||
r-oldrel-macos-x86_64 | 0.3.8 | 133.00 | OK | |||
r-oldrel-windows-x86_64 | 0.3.8 | 51.00 | 313.00 | 364.00 | OK |
Version: 0.3.8
Check: dependencies in R code
Result: NOTE
Namespace in Imports field not imported from: ‘R6’
All declared Imports should be used.
Flavors: r-devel-linux-x86_64-fedora-clang, r-devel-linux-x86_64-fedora-gcc