Last updated on 2025-04-30 04:50:11 CEST.
Flavor | Version | Tinstall | Tcheck | Ttotal | Status | Flags |
---|---|---|---|---|---|---|
r-devel-linux-x86_64-debian-clang | 0.4.0 | 3.33 | 105.12 | 108.45 | NOTE | |
r-devel-linux-x86_64-debian-gcc | 0.4.0 | 2.29 | 78.12 | 80.41 | OK | |
r-devel-linux-x86_64-fedora-clang | 0.4.0 | 161.14 | OK | |||
r-devel-linux-x86_64-fedora-gcc | 0.4.0 | 174.08 | OK | |||
r-devel-windows-x86_64 | 0.4.0 | 5.00 | 111.00 | 116.00 | OK | |
r-patched-linux-x86_64 | 0.4.0 | 3.57 | 99.04 | 102.61 | OK | |
r-release-linux-x86_64 | 0.4.0 | 3.30 | 97.92 | 101.22 | OK | |
r-release-macos-arm64 | 0.4.0 | 65.00 | OK | |||
r-release-macos-x86_64 | 0.4.0 | 135.00 | OK | |||
r-release-windows-x86_64 | 0.4.0 | 5.00 | 108.00 | 113.00 | OK | |
r-oldrel-macos-arm64 | 0.4.0 | 50.00 | OK | |||
r-oldrel-macos-x86_64 | 0.4.0 | 98.00 | OK | |||
r-oldrel-windows-x86_64 | 0.4.0 | 6.00 | 134.00 | 140.00 | OK |
Version: 0.4.0
Check: examples
Result: NOTE
Examples with CPU (user + system) or elapsed time > 5s
user system elapsed
metagam 3.723 0.193 5.314
Flavor: r-devel-linux-x86_64-debian-clang