Last updated on 2025-04-30 04:50:11 CEST.
Flavor | Version | Tinstall | Tcheck | Ttotal | Status | Flags |
---|---|---|---|---|---|---|
r-devel-linux-x86_64-debian-clang | 0.7 | 13.01 | 107.86 | 120.87 | NOTE | |
r-devel-linux-x86_64-debian-gcc | 0.7 | 9.41 | 81.37 | 90.78 | NOTE | |
r-devel-linux-x86_64-fedora-clang | 0.7 | 201.53 | OK | |||
r-devel-linux-x86_64-fedora-gcc | 0.7 | 198.79 | OK | |||
r-devel-windows-x86_64 | 0.7 | 13.00 | 118.00 | 131.00 | OK | |
r-patched-linux-x86_64 | 0.7 | 11.99 | 102.80 | 114.79 | OK | |
r-release-linux-x86_64 | 0.7 | 12.06 | 101.62 | 113.68 | OK | |
r-release-macos-arm64 | 0.7 | 118.00 | OK | |||
r-release-macos-x86_64 | 0.7 | 218.00 | OK | |||
r-release-windows-x86_64 | 0.7 | 13.00 | 104.00 | 117.00 | OK | |
r-oldrel-macos-arm64 | 0.7 | 75.00 | OK | |||
r-oldrel-macos-x86_64 | 0.7 | 94.00 | OK | |||
r-oldrel-windows-x86_64 | 0.7 | 16.00 | 126.00 | 142.00 | OK |
Version: 0.7
Check: CRAN incoming feasibility
Result: NOTE
Maintainer: ‘Marc J. Lajeunesse <lajeunesse@usf.edu>’
Package CITATION file contains call(s) to old-style citEntry(). Please
use bibentry() instead.
Flavors: r-devel-linux-x86_64-debian-clang, r-devel-linux-x86_64-debian-gcc