Last updated on 2025-04-30 04:50:11 CEST.
Flavor | Version | Tinstall | Tcheck | Ttotal | Status | Flags |
---|---|---|---|---|---|---|
r-devel-linux-x86_64-debian-clang | 2.6 | 3.03 | 30.78 | 33.81 | NOTE | |
r-devel-linux-x86_64-debian-gcc | 2.6 | 2.06 | 21.51 | 23.57 | OK | |
r-devel-linux-x86_64-fedora-clang | 2.6 | 51.54 | OK | |||
r-devel-linux-x86_64-fedora-gcc | 2.6 | 52.60 | OK | |||
r-devel-windows-x86_64 | 2.6 | 4.00 | 48.00 | 52.00 | OK | |
r-patched-linux-x86_64 | 2.6 | 2.71 | 28.88 | 31.59 | OK | |
r-release-linux-x86_64 | 2.6 | 2.59 | 28.83 | 31.42 | OK | |
r-release-macos-arm64 | 2.6 | 22.00 | OK | |||
r-release-macos-x86_64 | 2.6 | 31.00 | OK | |||
r-release-windows-x86_64 | 2.6 | 4.00 | 49.00 | 53.00 | OK | |
r-oldrel-macos-arm64 | 2.6 | 20.00 | OK | |||
r-oldrel-macos-x86_64 | 2.6 | 53.00 | OK | |||
r-oldrel-windows-x86_64 | 2.6 | 6.00 | 47.00 | 53.00 | OK |
Version: 2.6
Check: examples
Result: NOTE
Examples with CPU (user + system) or elapsed time > 5s
user system elapsed
leave1out 4.302 0.089 5.193
Flavor: r-devel-linux-x86_64-debian-clang