Last updated on 2025-04-30 04:50:11 CEST.
Flavor | Version | Tinstall | Tcheck | Ttotal | Status | Flags |
---|---|---|---|---|---|---|
r-devel-linux-x86_64-debian-clang | 1.0-6 | 2.28 | 22.75 | 25.03 | NOTE | |
r-devel-linux-x86_64-debian-gcc | 1.0-6 | 1.77 | 17.92 | 19.69 | NOTE | |
r-devel-linux-x86_64-fedora-clang | 1.0-6 | 39.17 | OK | |||
r-devel-linux-x86_64-fedora-gcc | 1.0-6 | 39.10 | OK | |||
r-devel-windows-x86_64 | 1.0-6 | 3.00 | 49.00 | 52.00 | OK | |
r-patched-linux-x86_64 | 1.0-6 | 2.58 | 22.03 | 24.61 | OK | |
r-release-linux-x86_64 | 1.0-6 | 2.06 | 22.12 | 24.18 | OK | |
r-release-macos-arm64 | 1.0-6 | 33.00 | OK | |||
r-release-macos-x86_64 | 1.0-6 | 28.00 | OK | |||
r-release-windows-x86_64 | 1.0-6 | 4.00 | 49.00 | 53.00 | OK | |
r-oldrel-macos-arm64 | 1.0-6 | 15.00 | OK | |||
r-oldrel-macos-x86_64 | 1.0-6 | 23.00 | OK | |||
r-oldrel-windows-x86_64 | 1.0-6 | 3.00 | 46.00 | 49.00 | OK |
Version: 1.0-6
Check: CRAN incoming feasibility
Result: NOTE
Maintainer: ‘Paul Murrell <paul@stat.auckland.ac.nz>’
No Authors@R field in DESCRIPTION.
Please add one, modifying
Authors@R: person(given = "Paul",
family = "Murrell",
role = c("aut", "cre"),
email = "paul@stat.auckland.ac.nz")
as necessary.
Flavors: r-devel-linux-x86_64-debian-clang, r-devel-linux-x86_64-debian-gcc