Last updated on 2025-04-30 04:50:11 CEST.
Flavor | Version | Tinstall | Tcheck | Ttotal | Status | Flags |
---|---|---|---|---|---|---|
r-devel-linux-x86_64-debian-clang | 1.5.11 | 9.22 | 77.74 | 86.96 | NOTE | |
r-devel-linux-x86_64-debian-gcc | 1.5.11 | 6.10 | 59.79 | 65.89 | NOTE | |
r-devel-linux-x86_64-fedora-clang | 1.5.11 | 140.40 | OK | |||
r-devel-linux-x86_64-fedora-gcc | 1.5.11 | 130.13 | OK | |||
r-devel-windows-x86_64 | 1.5.11 | 10.00 | 87.00 | 97.00 | OK | |
r-patched-linux-x86_64 | 1.5.11 | 8.22 | 74.24 | 82.46 | OK | |
r-release-linux-x86_64 | 1.5.11 | 8.99 | 73.30 | 82.29 | OK | |
r-release-macos-arm64 | 1.5.11 | 40.00 | OK | |||
r-release-macos-x86_64 | 1.5.11 | 82.00 | OK | |||
r-release-windows-x86_64 | 1.5.11 | 11.00 | 89.00 | 100.00 | OK | |
r-oldrel-macos-arm64 | 1.5.11 | 36.00 | OK | |||
r-oldrel-macos-x86_64 | 1.5.11 | 58.00 | OK | |||
r-oldrel-windows-x86_64 | 1.5.11 | 10.00 | 104.00 | 114.00 | OK |
Version: 1.5.11
Check: CRAN incoming feasibility
Result: NOTE
Maintainer: ‘Sora Yoon <ysora90@gmail.com>’
No Authors@R field in DESCRIPTION.
Please add one, modifying
Authors@R: person(given = "Sora",
family = "Yoon",
role = c("aut", "cre"),
email = "ysora90@gmail.com")
as necessary.
Flavors: r-devel-linux-x86_64-debian-clang, r-devel-linux-x86_64-debian-gcc