Last updated on 2025-04-30 04:50:11 CEST.
Flavor | Version | Tinstall | Tcheck | Ttotal | Status | Flags |
---|---|---|---|---|---|---|
r-devel-linux-x86_64-debian-clang | 1.5-2 | 15.10 | 119.65 | 134.75 | NOTE | |
r-devel-linux-x86_64-debian-gcc | 1.5-2 | 9.42 | 83.88 | 93.30 | NOTE | |
r-devel-linux-x86_64-fedora-clang | 1.5-2 | 205.16 | OK | |||
r-devel-linux-x86_64-fedora-gcc | 1.5-2 | 196.72 | OK | |||
r-devel-windows-x86_64 | 1.5-2 | 16.00 | 121.00 | 137.00 | NOTE | |
r-patched-linux-x86_64 | 1.5-2 | 15.20 | 111.12 | 126.32 | NOTE | |
r-release-linux-x86_64 | 1.5-2 | 13.12 | 109.87 | 122.99 | NOTE | |
r-release-macos-arm64 | 1.5-2 | 55.00 | OK | |||
r-release-macos-x86_64 | 1.5-2 | 114.00 | OK | |||
r-release-windows-x86_64 | 1.5-2 | 17.00 | 121.00 | 138.00 | NOTE | |
r-oldrel-macos-arm64 | 1.5-2 | 53.00 | OK | |||
r-oldrel-macos-x86_64 | 1.5-2 | 77.00 | OK | |||
r-oldrel-windows-x86_64 | 1.5-2 | 21.00 | 157.00 | 178.00 | OK |
Version: 1.5-2
Check: Rd cross-references
Result: NOTE
Found the following Rd file(s) with Rd \link{} targets missing package
anchors:
doiplot.Rd: metabias, funnel.meta
forest.orbbound.Rd: forest.meta
funnel.limitmeta.Rd: funnel.meta
lfkindex.Rd: metabias, funnel.meta
Please provide package anchors for all Rd \link{} targets not in the
package itself and the base packages.
Flavors: r-devel-linux-x86_64-debian-clang, r-devel-linux-x86_64-debian-gcc, r-devel-windows-x86_64, r-patched-linux-x86_64, r-release-linux-x86_64, r-release-windows-x86_64