Last updated on 2025-04-30 04:50:11 CEST.
Flavor | Version | Tinstall | Tcheck | Ttotal | Status | Flags |
---|---|---|---|---|---|---|
r-devel-linux-x86_64-debian-clang | 2.1.1 | 12.42 | 214.90 | 227.32 | NOTE | |
r-devel-linux-x86_64-debian-gcc | 2.1.2 | 7.51 | 154.27 | 161.78 | NOTE | |
r-devel-linux-x86_64-fedora-clang | 2.1.2 | 373.12 | OK | |||
r-devel-linux-x86_64-fedora-gcc | 2.1.2 | 386.30 | OK | |||
r-devel-windows-x86_64 | 2.1.2 | 21.00 | 274.00 | 295.00 | OK | |
r-patched-linux-x86_64 | 2.0.6 | 12.35 | 810.68 | 823.03 | OK | |
r-release-linux-x86_64 | 2.1.1 | 10.05 | 208.00 | 218.05 | OK | |
r-release-macos-arm64 | 2.1.2 | 121.00 | OK | |||
r-release-macos-x86_64 | 2.1.2 | 260.00 | OK | |||
r-release-windows-x86_64 | 2.1.2 | 20.00 | 265.00 | 285.00 | OK | |
r-oldrel-macos-arm64 | 2.1.2 | 130.00 | NOTE | |||
r-oldrel-macos-x86_64 | 2.1.2 | 255.00 | NOTE | |||
r-oldrel-windows-x86_64 | 2.1.1 | 18.00 | 283.00 | 301.00 | NOTE |
Version: 2.1.1
Check: examples
Result: NOTE
Examples with CPU (user + system) or elapsed time > 5s
user system elapsed
batch_snf 5.740 0.101 6.700
plot.snf_config 5.032 0.057 6.187
calc_nmis 3.802 0.063 5.242
Flavor: r-devel-linux-x86_64-debian-clang
Version: 2.1.2
Check: examples
Result: NOTE
Examples with CPU (user + system) or elapsed time > 5s
user system elapsed
batch_snf 5.135 0.129 6.898
Flavor: r-devel-linux-x86_64-debian-gcc
Version: 2.1.2
Check: installed package size
Result: NOTE
installed size is 5.1Mb
sub-directories of 1Mb or more:
doc 3.5Mb
Flavors: r-oldrel-macos-arm64, r-oldrel-macos-x86_64
Version: 2.1.1
Check: installed package size
Result: NOTE
installed size is 5.1Mb
sub-directories of 1Mb or more:
doc 3.5Mb
Flavor: r-oldrel-windows-x86_64