Last updated on 2025-04-30 04:50:11 CEST.
Flavor | Version | Tinstall | Tcheck | Ttotal | Status | Flags |
---|---|---|---|---|---|---|
r-devel-linux-x86_64-debian-clang | 2.1.5 | 7.90 | 78.35 | 86.25 | NOTE | |
r-devel-linux-x86_64-debian-gcc | 2.1.5 | 5.64 | 52.28 | 57.92 | NOTE | |
r-devel-linux-x86_64-fedora-clang | 2.1.5 | 124.76 | OK | |||
r-devel-linux-x86_64-fedora-gcc | 2.1.5 | 119.10 | OK | |||
r-devel-windows-x86_64 | 2.1.5 | 9.00 | 91.00 | 100.00 | OK | |
r-patched-linux-x86_64 | 2.1.5 | 7.08 | 72.33 | 79.41 | OK | |
r-release-linux-x86_64 | 2.1.5 | 6.18 | 72.66 | 78.84 | OK | |
r-release-macos-arm64 | 2.1.5 | 34.00 | OK | |||
r-release-macos-x86_64 | 2.1.5 | 81.00 | OK | |||
r-release-windows-x86_64 | 2.1.5 | 10.00 | 88.00 | 98.00 | OK | |
r-oldrel-macos-arm64 | 2.1.5 | 31.00 | OK | |||
r-oldrel-macos-x86_64 | 2.1.5 | 69.00 | OK | |||
r-oldrel-windows-x86_64 | 2.1.5 | 11.00 | 105.00 | 116.00 | OK |
Version: 2.1.5
Check: CRAN incoming feasibility
Result: NOTE
Maintainer: ‘Min Lu <m.lu6@umiami.edu>’
No Authors@R field in DESCRIPTION.
Please add one, modifying
Authors@R: person(given = "Min",
family = "Lu",
role = c("aut", "cre"),
email = "m.lu6@umiami.edu")
as necessary.
The BugReports field in DESCRIPTION has
https://github.com/luminwin/metavcov/issues/new
which should likely be
https://github.com/luminwin/metavcov/issues/new/issues
instead.
Flavors: r-devel-linux-x86_64-debian-clang, r-devel-linux-x86_64-debian-gcc