CRAN Package Check Results for Package meteoEVT

Last updated on 2025-04-30 04:50:11 CEST.

Flavor Version Tinstall Tcheck Ttotal Status Flags
r-devel-linux-x86_64-debian-clang 0.1.0 3.59 30.39 33.98 NOTE
r-devel-linux-x86_64-debian-gcc 0.1.0 2.58 23.78 26.36 NOTE
r-devel-linux-x86_64-fedora-clang 0.1.0 53.79 OK
r-devel-linux-x86_64-fedora-gcc 0.1.0 53.80 OK
r-devel-windows-x86_64 0.1.0 5.00 58.00 63.00 OK
r-patched-linux-x86_64 0.1.0 4.19 29.41 33.60 OK
r-release-linux-x86_64 0.1.0 3.65 28.96 32.61 OK
r-release-macos-arm64 0.1.0 21.00 OK
r-release-macos-x86_64 0.1.0 34.00 OK
r-release-windows-x86_64 0.1.0 5.00 58.00 63.00 OK
r-oldrel-macos-arm64 0.1.0 20.00 OK
r-oldrel-macos-x86_64 0.1.0 28.00 OK
r-oldrel-windows-x86_64 0.1.0 5.00 59.00 64.00 OK

Check Details

Version: 0.1.0
Check: CRAN incoming feasibility
Result: NOTE Maintainer: ‘Laura Mack <laum52@zedat.fu-berlin.de>’ The Description field contains <arXiv:2208.11438>]. Please refer to arXiv e-prints via their arXiv DOI <doi:10.48550/arXiv.YYMM.NNNNN>. Flavors: r-devel-linux-x86_64-debian-clang, r-devel-linux-x86_64-debian-gcc