Last updated on 2025-07-05 04:50:19 CEST.
Flavor | Version | Tinstall | Tcheck | Ttotal | Status | Flags |
---|---|---|---|---|---|---|
r-devel-linux-x86_64-debian-clang | 0.56 | 28.19 | 242.99 | 271.18 | NOTE | |
r-devel-linux-x86_64-debian-gcc | 0.56 | 17.66 | 153.60 | 171.26 | NOTE | |
r-devel-linux-x86_64-fedora-clang | 0.56 | 434.42 | OK | |||
r-devel-linux-x86_64-fedora-gcc | 0.56 | 454.55 | OK | |||
r-devel-windows-x86_64 | 0.56 | 24.00 | 180.00 | 204.00 | NOTE | |
r-patched-linux-x86_64 | 0.56 | 27.17 | 228.17 | 255.34 | NOTE | |
r-release-linux-x86_64 | 0.56 | 27.51 | 227.94 | 255.45 | NOTE | |
r-release-macos-arm64 | 0.56 | 89.00 | OK | |||
r-release-macos-x86_64 | 0.56 | 194.00 | OK | |||
r-release-windows-x86_64 | 0.56 | 24.00 | 182.00 | 206.00 | NOTE | |
r-oldrel-macos-arm64 | 0.56 | 84.00 | OK | |||
r-oldrel-macos-x86_64 | 0.56 | 145.00 | OK | |||
r-oldrel-windows-x86_64 | 0.56 | 33.00 | 253.00 | 286.00 | OK |
Version: 0.56
Check: Rd cross-references
Result: NOTE
Found the following Rd file(s) with Rd \link{} targets missing package
anchors:
getRaster.Rd: Extent, extent, getZ
meteo-package.Rd: raster, zoo
Please provide package anchors for all Rd \link{} targets not in the
package itself and the base packages.
Flavors: r-devel-linux-x86_64-debian-clang, r-devel-linux-x86_64-debian-gcc, r-devel-windows-x86_64, r-patched-linux-x86_64, r-release-linux-x86_64, r-release-windows-x86_64