CRAN Package Check Results for Package meteoForecast

Last updated on 2025-04-30 04:50:11 CEST.

Flavor Version Tinstall Tcheck Ttotal Status Flags
r-devel-linux-x86_64-debian-clang 0.56 27.92 243.49 271.41 NOTE
r-devel-linux-x86_64-debian-gcc 0.56 17.13 154.46 171.59 NOTE
r-devel-linux-x86_64-fedora-clang 0.56 426.06 OK
r-devel-linux-x86_64-fedora-gcc 0.56 423.79 OK
r-devel-windows-x86_64 0.56 25.00 186.00 211.00 NOTE
r-patched-linux-x86_64 0.56 23.73 226.79 250.52 NOTE
r-release-linux-x86_64 0.56 24.25 227.20 251.45 NOTE
r-release-macos-arm64 0.56 89.00 OK
r-release-macos-x86_64 0.56 194.00 OK
r-release-windows-x86_64 0.56 25.00 188.00 213.00 NOTE
r-oldrel-macos-arm64 0.56 84.00 OK
r-oldrel-macos-x86_64 0.56 145.00 OK
r-oldrel-windows-x86_64 0.56 33.00 254.00 287.00 OK

Check Details

Version: 0.56
Check: Rd cross-references
Result: NOTE Found the following Rd file(s) with Rd \link{} targets missing package anchors: getRaster.Rd: Extent, extent, getZ meteo-package.Rd: raster, zoo Please provide package anchors for all Rd \link{} targets not in the package itself and the base packages. Flavors: r-devel-linux-x86_64-debian-clang, r-devel-linux-x86_64-debian-gcc, r-devel-windows-x86_64, r-patched-linux-x86_64, r-release-linux-x86_64, r-release-windows-x86_64