Last updated on 2025-02-21 03:52:19 CET.
Flavor | Version | Tinstall | Tcheck | Ttotal | Status | Flags |
---|---|---|---|---|---|---|
r-devel-linux-x86_64-debian-clang | 0.5.1 | 6.49 | 62.74 | 69.23 | NOTE | |
r-devel-linux-x86_64-debian-gcc | 1.0.0 | 5.18 | 46.51 | 51.69 | OK | |
r-devel-linux-x86_64-fedora-clang | 1.0.0 | 122.15 | OK | |||
r-devel-linux-x86_64-fedora-gcc | 1.0.0 | 129.16 | OK | |||
r-devel-macos-arm64 | 0.5.1 | 43.00 | OK | |||
r-devel-macos-x86_64 | 1.0.0 | 96.00 | OK | |||
r-devel-windows-x86_64 | 0.5.1 | 8.00 | 87.00 | 95.00 | NOTE | |
r-patched-linux-x86_64 | 0.5.1 | 12.49 | 57.75 | 70.24 | OK | |
r-release-linux-x86_64 | 0.5.1 | 6.49 | 58.84 | 65.33 | OK | |
r-release-macos-arm64 | 0.5.1 | 41.00 | OK | |||
r-release-macos-x86_64 | 1.0.0 | 82.00 | OK | |||
r-release-windows-x86_64 | 1.0.0 | 8.00 | 87.00 | 95.00 | OK | |
r-oldrel-macos-arm64 | 0.5.1 | 46.00 | OK | |||
r-oldrel-macos-x86_64 | 1.0.0 | 88.00 | OK | |||
r-oldrel-windows-x86_64 | 1.0.0 | 11.00 | 94.00 | 105.00 | OK |
Version: 0.5.1
Check: Rd cross-references
Result: NOTE
Found the following Rd file(s) with Rd \link{} targets missing package
anchors:
authorize.Rd: oauth2.0_token
Please provide package anchors for all Rd \link{} targets not in the
package itself and the base packages.
Flavors: r-devel-linux-x86_64-debian-clang, r-devel-windows-x86_64