Last updated on 2025-04-30 04:50:11 CEST.
Flavor | Version | Tinstall | Tcheck | Ttotal | Status | Flags |
---|---|---|---|---|---|---|
r-devel-linux-x86_64-debian-clang | 0.1.8 | 2.31 | 131.60 | 133.91 | NOTE | |
r-devel-linux-x86_64-debian-gcc | 0.1.8 | 1.95 | 78.15 | 80.10 | OK | |
r-devel-linux-x86_64-fedora-clang | 0.1.8 | 217.80 | OK | |||
r-devel-linux-x86_64-fedora-gcc | 0.1.8 | 224.35 | OK | |||
r-devel-windows-x86_64 | 0.1.8 | 4.00 | 161.00 | 165.00 | OK | |
r-patched-linux-x86_64 | 0.1.8 | 2.63 | 123.35 | 125.98 | OK | |
r-release-linux-x86_64 | 0.1.8 | 2.35 | 127.91 | 130.26 | OK | |
r-release-macos-arm64 | 0.1.8 | 86.00 | OK | |||
r-release-macos-x86_64 | 0.1.8 | 120.00 | OK | |||
r-release-windows-x86_64 | 0.1.8 | 4.00 | 165.00 | 169.00 | OK | |
r-oldrel-macos-arm64 | 0.1.8 | 50.00 | OK | |||
r-oldrel-macos-x86_64 | 0.1.8 | 93.00 | OK | |||
r-oldrel-windows-x86_64 | 0.1.8 | 3.00 | 189.00 | 192.00 | OK |
Version: 0.1.8
Check: examples
Result: NOTE
Examples with CPU (user + system) or elapsed time > 5s
user system elapsed
plot.metropolis.samples 5.026 0.007 5.491
summary.metropolis.samples 4.936 0.011 7.053
Flavor: r-devel-linux-x86_64-debian-clang