Last updated on 2025-04-30 04:50:11 CEST.
Flavor | Version | Tinstall | Tcheck | Ttotal | Status | Flags |
---|---|---|---|---|---|---|
r-devel-linux-x86_64-debian-clang | 1.17 | 102.47 | 171.74 | 274.21 | OK | |
r-devel-linux-x86_64-debian-gcc | 1.17 | 67.69 | 109.45 | 177.14 | OK | |
r-devel-linux-x86_64-fedora-clang | 1.17 | 461.76 | OK | |||
r-devel-linux-x86_64-fedora-gcc | 1.17 | 470.12 | OK | |||
r-devel-windows-x86_64 | 1.17 | 106.00 | 207.00 | 313.00 | OK | |
r-patched-linux-x86_64 | 1.17 | 110.72 | 157.69 | 268.41 | OK | |
r-release-linux-x86_64 | 1.17 | 102.12 | 159.18 | 261.30 | OK | |
r-release-macos-arm64 | 1.17 | 110.00 | OK | |||
r-release-macos-x86_64 | 1.17 | 188.00 | OK | |||
r-release-windows-x86_64 | 1.17 | 110.00 | 199.00 | 309.00 | OK | |
r-oldrel-macos-arm64 | 1.17 | 129.00 | NOTE | |||
r-oldrel-macos-x86_64 | 1.17 | 319.00 | NOTE | |||
r-oldrel-windows-x86_64 | 1.17 | 132.00 | 247.00 | 379.00 | OK |
Version: 1.17
Check: installed package size
Result: NOTE
installed size is 9.5Mb
sub-directories of 1Mb or more:
data 1.1Mb
libs 6.5Mb
Flavors: r-oldrel-macos-arm64, r-oldrel-macos-x86_64