Last updated on 2025-04-30 04:50:11 CEST.
Flavor | Version | Tinstall | Tcheck | Ttotal | Status | Flags |
---|---|---|---|---|---|---|
r-devel-linux-x86_64-debian-clang | 1.1.1 | 11.13 | 158.82 | 169.95 | NOTE | |
r-devel-linux-x86_64-debian-gcc | 1.1.1 | 7.31 | 109.22 | 116.53 | OK | |
r-devel-linux-x86_64-fedora-clang | 1.1.1 | 291.76 | OK | |||
r-devel-linux-x86_64-fedora-gcc | 1.1.1 | 283.86 | OK | |||
r-devel-windows-x86_64 | 1.1.1 | 13.00 | 174.00 | 187.00 | OK | |
r-patched-linux-x86_64 | 1.1.1 | 10.77 | 147.56 | 158.33 | OK | |
r-release-linux-x86_64 | 1.1.1 | 10.37 | 146.09 | 156.46 | OK | |
r-release-macos-arm64 | 1.1.1 | 67.00 | OK | |||
r-release-macos-x86_64 | 1.1.1 | 134.00 | OK | |||
r-release-windows-x86_64 | 1.1.1 | 12.00 | 173.00 | 185.00 | OK | |
r-oldrel-macos-arm64 | 1.1.1 | 75.00 | OK | |||
r-oldrel-macos-x86_64 | 1.1.1 | 152.00 | OK | |||
r-oldrel-windows-x86_64 | 1.1.1 | 15.00 | 209.00 | 224.00 | OK |
Version: 1.1.1
Check: examples
Result: NOTE
Examples with CPU (user + system) or elapsed time > 5s
user system elapsed
ftmev 5.089 0.128 5.354
dtmev 4.995 0.099 5.685
Flavor: r-devel-linux-x86_64-debian-clang