Last updated on 2025-04-30 04:50:11 CEST.
Flavor | Version | Tinstall | Tcheck | Ttotal | Status | Flags |
---|---|---|---|---|---|---|
r-devel-linux-x86_64-debian-clang | 2.6 | 27.19 | 87.29 | 114.48 | NOTE | |
r-devel-linux-x86_64-debian-gcc | 2.6 | 22.27 | 62.36 | 84.63 | NOTE | |
r-devel-linux-x86_64-fedora-clang | 2.6 | 178.01 | OK | |||
r-devel-linux-x86_64-fedora-gcc | 2.6 | 183.25 | OK | |||
r-devel-windows-x86_64 | 2.6 | 51.00 | 121.00 | 172.00 | OK | |
r-patched-linux-x86_64 | 2.6 | 28.15 | 83.19 | 111.34 | OK | |
r-release-linux-x86_64 | 2.6 | 29.63 | 85.19 | 114.82 | OK | |
r-release-macos-arm64 | 2.6 | 53.00 | OK | |||
r-release-macos-x86_64 | 2.6 | 90.00 | OK | |||
r-release-windows-x86_64 | 2.6 | 49.00 | 114.00 | 163.00 | OK | |
r-oldrel-macos-arm64 | 2.6 | 53.00 | OK | |||
r-oldrel-macos-x86_64 | 2.6 | 115.00 | OK | |||
r-oldrel-windows-x86_64 | 2.6 | 55.00 | 133.00 | 188.00 | OK |
Version: 2.6
Check: CRAN incoming feasibility
Result: NOTE
Maintainer: ‘Hadrien Charvat <h.charvat.ef@juntendo.ac.jp>’
No Authors@R field in DESCRIPTION.
Please add one, modifying
Authors@R: c(person(given = "Hadrien",
family = "Charvat",
role = c("aut", "cre"),
email = "h.charvat.ef@juntendo.ac.jp"),
person(given = "Aurelien",
family = "Belot",
role = "aut"),
person(given = "Juste",
family = "Goungounga",
role = "aut"))
as necessary.
Flavors: r-devel-linux-x86_64-debian-clang, r-devel-linux-x86_64-debian-gcc