Last updated on 2025-04-30 04:50:11 CEST.
Flavor | Version | Tinstall | Tcheck | Ttotal | Status | Flags |
---|---|---|---|---|---|---|
r-devel-linux-x86_64-debian-clang | 0.2.1 | 27.72 | 157.41 | 185.13 | NOTE | |
r-devel-linux-x86_64-debian-gcc | 0.2.1 | 19.17 | 105.67 | 124.84 | NOTE | |
r-devel-linux-x86_64-fedora-clang | 0.2.1 | 289.01 | NOTE | |||
r-devel-linux-x86_64-fedora-gcc | 0.2.1 | 338.15 | NOTE | |||
r-devel-windows-x86_64 | 0.2.1 | 33.00 | 213.00 | 246.00 | NOTE | |
r-patched-linux-x86_64 | 0.2.1 | 25.39 | 156.70 | 182.09 | NOTE | |
r-release-linux-x86_64 | 0.2.1 | 26.49 | 156.94 | 183.43 | NOTE | |
r-release-macos-arm64 | 0.2.1 | 98.00 | NOTE | |||
r-release-macos-x86_64 | 0.2.1 | 176.00 | NOTE | |||
r-release-windows-x86_64 | 0.2.1 | 33.00 | 211.00 | 244.00 | NOTE | |
r-oldrel-macos-arm64 | 0.2.1 | 88.00 | NOTE | |||
r-oldrel-macos-x86_64 | 0.2.1 | 130.00 | NOTE | |||
r-oldrel-windows-x86_64 | 0.2.1 | 37.00 | 281.00 | 318.00 | NOTE |
Version: 0.2.1
Check: CRAN incoming feasibility
Result: NOTE
Maintainer: ‘Onno Kleen <r@onnokleen.de>’
Package CITATION file contains call(s) to old-style personList() or
as.personList(). Please use c() on person objects instead.
Package CITATION file contains call(s) to old-style citEntry(). Please
use bibentry() instead.
Flavors: r-devel-linux-x86_64-debian-clang, r-devel-linux-x86_64-debian-gcc
Version: 0.2.1
Check: package subdirectories
Result: NOTE
Problems with news in ‘NEWS.md’:
No news entries found.
Flavors: r-devel-linux-x86_64-debian-clang, r-devel-linux-x86_64-debian-gcc, r-devel-linux-x86_64-fedora-clang, r-devel-linux-x86_64-fedora-gcc, r-devel-windows-x86_64, r-patched-linux-x86_64, r-release-linux-x86_64, r-release-macos-arm64, r-release-macos-x86_64, r-release-windows-x86_64, r-oldrel-macos-arm64, r-oldrel-macos-x86_64, r-oldrel-windows-x86_64