Last updated on 2025-02-21 03:52:19 CET.
Flavor | Version | Tinstall | Tcheck | Ttotal | Status | Flags |
---|---|---|---|---|---|---|
r-devel-linux-x86_64-debian-clang | 7.3-1 | 7.63 | 122.60 | 130.23 | NOTE | |
r-devel-linux-x86_64-debian-gcc | 7.3-1 | 4.41 | 84.05 | 88.46 | NOTE | |
r-devel-linux-x86_64-fedora-clang | 7.3-1 | 194.31 | OK | |||
r-devel-linux-x86_64-fedora-gcc | 7.3-1 | 214.96 | OK | |||
r-devel-macos-arm64 | 7.3-1 | 70.00 | OK | |||
r-devel-macos-x86_64 | 7.3-1 | 129.00 | OK | |||
r-devel-windows-x86_64 | 7.3-1 | 8.00 | 134.00 | 142.00 | OK | |
r-patched-linux-x86_64 | 7.3-1 | 7.43 | 113.66 | 121.09 | OK | |
r-release-linux-x86_64 | 7.3-1 | 6.89 | 112.10 | 118.99 | OK | |
r-release-macos-arm64 | 7.3-1 | 62.00 | OK | |||
r-release-macos-x86_64 | 7.3-1 | 90.00 | OK | |||
r-release-windows-x86_64 | 7.3-1 | 8.00 | 126.00 | 134.00 | OK | |
r-oldrel-macos-arm64 | 7.3-1 | 61.00 | OK | |||
r-oldrel-macos-x86_64 | 7.3-1 | 101.00 | OK | |||
r-oldrel-windows-x86_64 | 7.3-1 | 12.00 | 149.00 | 161.00 | OK |
Version: 7.3-1
Check: for unstated dependencies in ‘demo’
Result: NOTE
'library' or 'require' call not declared from: ‘tibble’
Flavors: r-devel-linux-x86_64-debian-clang, r-devel-linux-x86_64-debian-gcc