Last updated on 2025-04-30 04:50:11 CEST.
Flavor | Version | Tinstall | Tcheck | Ttotal | Status | Flags |
---|---|---|---|---|---|---|
r-devel-linux-x86_64-debian-clang | 1.0.0 | 12.84 | 143.54 | 156.38 | NOTE | |
r-devel-linux-x86_64-debian-gcc | 1.0.0 | 8.29 | 101.68 | 109.97 | NOTE | |
r-devel-linux-x86_64-fedora-clang | 1.0.0 | 226.74 | OK | |||
r-devel-linux-x86_64-fedora-gcc | 1.0.0 | 236.71 | OK | |||
r-devel-windows-x86_64 | 1.0.0 | 12.00 | 154.00 | 166.00 | OK | |
r-patched-linux-x86_64 | 1.0.0 | 11.30 | 133.76 | 145.06 | OK | |
r-release-linux-x86_64 | 1.0.0 | 9.87 | 132.01 | 141.88 | OK | |
r-release-macos-arm64 | 1.0.0 | 72.00 | OK | |||
r-release-macos-x86_64 | 1.0.0 | 139.00 | OK | |||
r-release-windows-x86_64 | 1.0.0 | 13.00 | 152.00 | 165.00 | OK | |
r-oldrel-macos-arm64 | 1.0.0 | 62.00 | OK | |||
r-oldrel-macos-x86_64 | 1.0.0 | 120.00 | OK | |||
r-oldrel-windows-x86_64 | 1.0.0 | 16.00 | 188.00 | 204.00 | OK |
Version: 1.0.0
Check: examples
Result: NOTE
Examples with CPU (user + system) or elapsed time > 5s
user system elapsed
mfp2 7.077 0.149 10.907
Flavor: r-devel-linux-x86_64-debian-clang
Version: 1.0.0
Check: examples
Result: NOTE
Examples with CPU (user + system) or elapsed time > 5s
user system elapsed
mfp2 4.806 0.078 6.41
Flavor: r-devel-linux-x86_64-debian-gcc