CRAN Package Check Results for Package mfx

Last updated on 2025-04-30 04:50:11 CEST.

Flavor Version Tinstall Tcheck Ttotal Status Flags
r-devel-linux-x86_64-debian-clang 1.2-2 5.75 64.28 70.03 NOTE
r-devel-linux-x86_64-debian-gcc 1.2-2 4.72 49.94 54.66 NOTE
r-devel-linux-x86_64-fedora-clang 1.2-2 109.74 OK
r-devel-linux-x86_64-fedora-gcc 1.2-2 121.15 OK
r-devel-windows-x86_64 1.2-2 7.00 101.00 108.00 OK
r-patched-linux-x86_64 1.2-2 6.01 62.33 68.34 OK
r-release-linux-x86_64 1.2-2 6.02 61.90 67.92 OK
r-release-macos-arm64 1.2-2 43.00 OK
r-release-macos-x86_64 1.2-2 81.00 OK
r-release-windows-x86_64 1.2-2 6.00 98.00 104.00 OK
r-oldrel-macos-arm64 1.2-2 38.00 OK
r-oldrel-macos-x86_64 1.2-2 68.00 OK
r-oldrel-windows-x86_64 1.2-2 8.00 112.00 120.00 OK

Check Details

Version: 1.2-2
Check: CRAN incoming feasibility
Result: NOTE Maintainer: ‘Alan Fernihough <alan.fernihough@gmail.com>’ File 'R/mfx-internal.R' sets .Random.seed. This is usually neither needed nor wanted. Flavors: r-devel-linux-x86_64-debian-clang, r-devel-linux-x86_64-debian-gcc