CRAN Package Check Results for Package mgc

Last updated on 2025-04-30 04:50:11 CEST.

Flavor Version Tinstall Tcheck Ttotal Status Flags
r-devel-linux-x86_64-debian-clang 2.0.2 26.77 409.28 436.05 OK
r-devel-linux-x86_64-debian-gcc 2.0.2 17.18 252.36 269.54 OK
r-devel-linux-x86_64-fedora-clang 2.0.2 695.58 NOTE
r-devel-linux-x86_64-fedora-gcc 2.0.2 707.86 NOTE
r-devel-windows-x86_64 2.0.2 29.00 326.00 355.00 OK
r-patched-linux-x86_64 2.0.2 28.77 383.41 412.18 OK
r-release-linux-x86_64 2.0.2 26.58 384.02 410.60 OK
r-release-macos-arm64 2.0.2 161.00 OK
r-release-macos-x86_64 2.0.2 341.00 OK
r-release-windows-x86_64 2.0.2 29.00 323.00 352.00 OK
r-oldrel-macos-arm64 2.0.2 144.00 NOTE
r-oldrel-macos-x86_64 2.0.2 249.00 NOTE
r-oldrel-windows-x86_64 2.0.2 38.00 449.00 487.00 NOTE

Check Details

Version: 2.0.2
Check: dependencies in R code
Result: NOTE Namespaces in Imports field not imported from: ‘boot’ ‘energy’ All declared Imports should be used. Flavors: r-devel-linux-x86_64-fedora-clang, r-devel-linux-x86_64-fedora-gcc

Version: 2.0.2
Check: LazyData
Result: NOTE 'LazyData' is specified without a 'data' directory Flavors: r-oldrel-macos-arm64, r-oldrel-macos-x86_64, r-oldrel-windows-x86_64