Last updated on 2025-07-05 04:50:19 CEST.
Flavor | Version | Tinstall | Tcheck | Ttotal | Status | Flags |
---|---|---|---|---|---|---|
r-devel-linux-x86_64-debian-clang | 2.0.2 | 28.42 | 418.22 | 446.64 | OK | |
r-devel-linux-x86_64-debian-gcc | 2.0.2 | 19.81 | 256.65 | 276.46 | OK | |
r-devel-linux-x86_64-fedora-clang | 2.0.2 | 710.82 | NOTE | |||
r-devel-linux-x86_64-fedora-gcc | 2.0.2 | 723.91 | NOTE | |||
r-devel-windows-x86_64 | 2.0.2 | 27.00 | 368.00 | 395.00 | OK | |
r-patched-linux-x86_64 | 2.0.2 | 28.48 | 385.75 | 414.23 | OK | |
r-release-linux-x86_64 | 2.0.2 | 29.44 | 386.61 | 416.05 | OK | |
r-release-macos-arm64 | 2.0.2 | 161.00 | OK | |||
r-release-macos-x86_64 | 2.0.2 | 341.00 | OK | |||
r-release-windows-x86_64 | 2.0.2 | 29.00 | 321.00 | 350.00 | OK | |
r-oldrel-macos-arm64 | 2.0.2 | 144.00 | NOTE | |||
r-oldrel-macos-x86_64 | 2.0.2 | 249.00 | NOTE | |||
r-oldrel-windows-x86_64 | 2.0.2 | 39.00 | 444.00 | 483.00 | NOTE |
Version: 2.0.2
Check: dependencies in R code
Result: NOTE
Namespaces in Imports field not imported from:
‘boot’ ‘energy’
All declared Imports should be used.
Flavors: r-devel-linux-x86_64-fedora-clang, r-devel-linux-x86_64-fedora-gcc
Version: 2.0.2
Check: LazyData
Result: NOTE
'LazyData' is specified without a 'data' directory
Flavors: r-oldrel-macos-arm64, r-oldrel-macos-x86_64, r-oldrel-windows-x86_64