Last updated on 2025-04-30 04:50:11 CEST.
Flavor | Version | Tinstall | Tcheck | Ttotal | Status | Flags |
---|---|---|---|---|---|---|
r-devel-linux-x86_64-debian-clang | 1.9-3 | 97.37 | 399.58 | 496.95 | NOTE | |
r-devel-linux-x86_64-debian-gcc | 1.9-3 | 57.65 | 257.14 | 314.79 | NOTE | |
r-devel-linux-x86_64-fedora-clang | 1.9-3 | 778.40 | OK | |||
r-devel-linux-x86_64-fedora-gcc | 1.9-3 | 803.86 | OK | |||
r-devel-windows-x86_64 | 1.9-3 | 102.00 | 402.00 | 504.00 | OK | |
r-patched-linux-x86_64 | 1.9-3 | 104.01 | 384.63 | 488.64 | OK | |
r-release-linux-x86_64 | 1.9-3 | 92.87 | 391.91 | 484.78 | OK | |
r-release-macos-arm64 | 1.9-3 | 186.00 | OK | |||
r-release-macos-x86_64 | 1.9-3 | 471.00 | OK | |||
r-release-windows-x86_64 | 1.9-3 | 101.00 | 405.00 | 506.00 | OK | |
r-oldrel-macos-arm64 | 1.9-3 | 187.00 | NOTE | |||
r-oldrel-macos-x86_64 | 1.9-3 | 462.00 | NOTE | |||
r-oldrel-windows-x86_64 | 1.9-3 | 129.00 | 500.00 | 629.00 | OK |
Version: 1.9-3
Check: examples
Result: NOTE
Examples with CPU (user + system) or elapsed time > 5s
user system elapsed
gam.mh 5.428 0.071 6.995
ziP 5.386 0.008 6.871
shash 4.800 0.007 5.455
ginla 4.031 0.000 5.048
Flavor: r-devel-linux-x86_64-debian-clang
Version: 1.9-3
Check: examples
Result: NOTE
Examples with CPU (user + system) or elapsed time > 5s
user system elapsed
ziP 4.007 0.005 5.132
shash 3.665 0.011 5.214
t2 3.294 0.012 5.047
gam.mh 3.142 0.005 5.070
Flavor: r-devel-linux-x86_64-debian-gcc
Version: 1.9-3
Check: installed package size
Result: NOTE
installed size is 5.9Mb
sub-directories of 1Mb or more:
R 3.1Mb
libs 1.7Mb
Flavors: r-oldrel-macos-arm64, r-oldrel-macos-x86_64