CRAN Package Check Results for Package mgee2

Last updated on 2025-04-30 04:50:11 CEST.

Flavor Version Tinstall Tcheck Ttotal Status Flags
r-devel-linux-x86_64-debian-clang 0.6 14.21 57.87 72.08 NOTE
r-devel-linux-x86_64-debian-gcc 0.6 7.36 40.70 48.06 OK
r-devel-linux-x86_64-fedora-clang 0.6 103.89 OK
r-devel-linux-x86_64-fedora-gcc 0.6 97.93 OK
r-devel-windows-x86_64 0.6 14.00 76.00 90.00 OK
r-patched-linux-x86_64 0.6 10.91 54.45 65.36 OK
r-release-linux-x86_64 0.6 9.79 55.75 65.54 OK
r-release-macos-arm64 0.6 36.00 OK
r-release-macos-x86_64 0.6 69.00 OK
r-release-windows-x86_64 0.6 15.00 72.00 87.00 OK
r-oldrel-macos-arm64 0.6 35.00 OK
r-oldrel-macos-x86_64 0.6 59.00 OK
r-oldrel-windows-x86_64 0.6 17.00 90.00 107.00 OK

Check Details

Version: 0.6
Check: examples
Result: NOTE Examples with CPU (user + system) or elapsed time > 5s user system elapsed heart 5.727 0.174 7.074 Flavor: r-devel-linux-x86_64-debian-clang