Last updated on 2025-04-30 04:50:11 CEST.
Flavor | Version | Tinstall | Tcheck | Ttotal | Status | Flags |
---|---|---|---|---|---|---|
r-devel-linux-x86_64-debian-clang | 1.3.3 | 4.54 | 545.95 | 550.49 | NOTE | |
r-devel-linux-x86_64-debian-gcc | 1.3.3 | 3.67 | 372.15 | 375.82 | OK | |
r-devel-linux-x86_64-fedora-clang | 1.3.3 | 917.92 | OK | |||
r-devel-linux-x86_64-fedora-gcc | 1.3.3 | 958.38 | OK | |||
r-devel-windows-x86_64 | 1.3.3 | 7.00 | 547.00 | 554.00 | OK | |
r-patched-linux-x86_64 | 1.3.3 | 3.42 | 517.96 | 521.38 | OK | |
r-release-linux-x86_64 | 1.3.3 | 3.70 | 515.38 | 519.08 | OK | |
r-release-macos-arm64 | 1.3.3 | 350.00 | OK | |||
r-release-macos-x86_64 | 1.3.3 | 507.00 | OK | |||
r-release-windows-x86_64 | 1.3.3 | 7.00 | 559.00 | 566.00 | OK | |
r-oldrel-macos-arm64 | 1.3.3 | 294.00 | OK | |||
r-oldrel-macos-x86_64 | 1.3.3 | 993.00 | OK | |||
r-oldrel-windows-x86_64 | 1.3.3 | 8.00 | 683.00 | 691.00 | OK |
Version: 1.3.3
Check: examples
Result: NOTE
Examples with CPU (user + system) or elapsed time > 5s
user system elapsed
plotmggd 5.914 0.063 6.277
Flavor: r-devel-linux-x86_64-debian-clang