Last updated on 2025-04-30 04:50:11 CEST.
Flavor | Version | Tinstall | Tcheck | Ttotal | Status | Flags |
---|---|---|---|---|---|---|
r-devel-linux-x86_64-debian-clang | 0.1.0 | 2.45 | 36.38 | 38.83 | NOTE | |
r-devel-linux-x86_64-debian-gcc | 0.1.0 | 2.20 | 27.80 | 30.00 | NOTE | |
r-devel-linux-x86_64-fedora-clang | 0.1.0 | 61.34 | OK | |||
r-devel-linux-x86_64-fedora-gcc | 0.1.0 | 60.13 | OK | |||
r-devel-windows-x86_64 | 0.1.0 | 4.00 | 58.00 | 62.00 | OK | |
r-patched-linux-x86_64 | 0.1.0 | 2.66 | 34.64 | 37.30 | OK | |
r-release-linux-x86_64 | 0.1.0 | 2.42 | 35.23 | 37.65 | OK | |
r-release-macos-arm64 | 0.1.0 | 23.00 | OK | |||
r-release-macos-x86_64 | 0.1.0 | 40.00 | OK | |||
r-release-windows-x86_64 | 0.1.0 | 4.00 | 58.00 | 62.00 | OK | |
r-oldrel-macos-arm64 | 0.1.0 | 21.00 | OK | |||
r-oldrel-macos-x86_64 | 0.1.0 | 33.00 | OK | |||
r-oldrel-windows-x86_64 | 0.1.0 | 5.00 | 60.00 | 65.00 | OK |
Version: 0.1.0
Check: CRAN incoming feasibility
Result: NOTE
Maintainer: ‘Masatoshi Katabuchi <mattocci27@gmail.com>’
No Authors@R field in DESCRIPTION.
Please add one, modifying
Authors@R: c(person(given = "Masatoshi",
family = "Katabuchi",
role = c("aut", "cre"),
email = "mattocci27@gmail.com"),
person(given = "Akihiro",
family = "Nakamura",
role = "aut"))
as necessary.
Package CITATION file contains call(s) to old-style citEntry(). Please
use bibentry() instead.
Flavors: r-devel-linux-x86_64-debian-clang, r-devel-linux-x86_64-debian-gcc