CRAN Package Check Results for Package mgss

Last updated on 2025-04-30 04:50:11 CEST.

Flavor Version Tinstall Tcheck Ttotal Status Flags
r-devel-linux-x86_64-debian-clang 1.2 12.61 62.15 74.76 NOTE
r-devel-linux-x86_64-debian-gcc 1.2 12.79 47.54 60.33 NOTE
r-devel-linux-x86_64-fedora-clang 1.2 126.58 NOTE
r-devel-linux-x86_64-fedora-gcc 1.2 123.14 NOTE
r-devel-windows-x86_64 1.2 20.00 95.00 115.00 NOTE
r-patched-linux-x86_64 1.2 17.83 59.75 77.58 NOTE
r-release-linux-x86_64 1.2 17.63 59.89 77.52 NOTE
r-release-macos-arm64 1.2 41.00 NOTE
r-release-macos-x86_64 1.2 96.00 NOTE
r-release-windows-x86_64 1.2 19.00 93.00 112.00 NOTE
r-oldrel-macos-arm64 1.2 39.00 NOTE
r-oldrel-macos-x86_64 1.2 74.00 NOTE
r-oldrel-windows-x86_64 1.2 25.00 108.00 133.00 NOTE

Check Details

Version: 1.2
Check: CRAN incoming feasibility
Result: NOTE Maintainer: ‘Martin Siebenborn <martin.siebenborn@uni-hamburg.de>’ The BugReports field in DESCRIPTION has https://github.com/SplineSmoothing/MGSS which should likely be https://github.com/SplineSmoothing/MGSS/issues instead. Flavors: r-devel-linux-x86_64-debian-clang, r-devel-linux-x86_64-debian-gcc

Version: 1.2
Check: C++ specification
Result: NOTE Specified C++14: please drop specification unless essential Flavors: r-devel-linux-x86_64-debian-clang, r-devel-linux-x86_64-debian-gcc, r-devel-linux-x86_64-fedora-clang, r-devel-linux-x86_64-fedora-gcc, r-devel-windows-x86_64, r-patched-linux-x86_64, r-release-linux-x86_64, r-release-macos-arm64, r-release-macos-x86_64, r-release-windows-x86_64, r-oldrel-macos-arm64, r-oldrel-macos-x86_64, r-oldrel-windows-x86_64