Last updated on 2025-02-21 03:52:19 CET.
Flavor | Version | Tinstall | Tcheck | Ttotal | Status | Flags |
---|---|---|---|---|---|---|
r-devel-linux-x86_64-debian-clang | 1.0.5 | 80.24 | 469.72 | 549.96 | OK | |
r-devel-linux-x86_64-debian-gcc | 1.0.5 | 63.15 | 333.04 | 396.19 | OK | |
r-devel-linux-x86_64-fedora-clang | 1.1 | 779.71 | OK | |||
r-devel-linux-x86_64-fedora-gcc | 1.1 | 778.36 | OK | |||
r-devel-macos-arm64 | 1.0.5 | 230.00 | OK | |||
r-devel-macos-x86_64 | 1.1 | 302.00 | OK | |||
r-devel-windows-x86_64 | 1.0.5 | 75.00 | 404.00 | 479.00 | OK | |
r-patched-linux-x86_64 | 1.0.5 | 92.03 | 446.81 | 538.84 | OK | |
r-release-linux-x86_64 | 1.0.5 | 80.50 | 452.82 | 533.32 | OK | |
r-release-macos-arm64 | 1.0.5 | 215.00 | NOTE | |||
r-release-macos-x86_64 | 1.1 | 365.00 | NOTE | |||
r-release-windows-x86_64 | 1.0.5 | 73.00 | 407.00 | 480.00 | OK | |
r-oldrel-macos-arm64 | 1.0.5 | 205.00 | NOTE | |||
r-oldrel-macos-x86_64 | 1.1 | 415.00 | NOTE | |||
r-oldrel-windows-x86_64 | 1.1 | 78.00 | 338.00 | 416.00 | NOTE |
Version: 1.0.5
Check: installed package size
Result: NOTE
installed size is 23.3Mb
sub-directories of 1Mb or more:
doc 1.7Mb
libs 20.6Mb
Flavors: r-release-macos-arm64, r-oldrel-macos-arm64
Version: 1.1
Check: installed package size
Result: NOTE
installed size is 25.8Mb
sub-directories of 1Mb or more:
doc 3.9Mb
libs 21.1Mb
Flavors: r-release-macos-x86_64, r-oldrel-macos-x86_64, r-oldrel-windows-x86_64