Last updated on 2025-04-30 04:50:11 CEST.
Flavor | Version | Tinstall | Tcheck | Ttotal | Status | Flags |
---|---|---|---|---|---|---|
r-devel-linux-x86_64-debian-clang | 1.1 | 90.16 | 387.13 | 477.29 | OK | |
r-devel-linux-x86_64-debian-gcc | 1.1 | 64.69 | 261.08 | 325.77 | OK | |
r-devel-linux-x86_64-fedora-clang | 1.1 | 754.86 | OK | |||
r-devel-linux-x86_64-fedora-gcc | 1.1 | 789.56 | OK | |||
r-devel-windows-x86_64 | 1.1 | 87.00 | 331.00 | 418.00 | OK | |
r-patched-linux-x86_64 | 1.1 | 86.01 | 374.83 | 460.84 | OK | |
r-release-linux-x86_64 | 1.1 | 92.17 | 375.18 | 467.35 | OK | |
r-release-macos-arm64 | 1.1 | 178.00 | OK | |||
r-release-macos-x86_64 | 1.1 | 302.00 | OK | |||
r-release-windows-x86_64 | 1.1 | 86.00 | 331.00 | 417.00 | OK | |
r-oldrel-macos-arm64 | 1.1 | 171.00 | NOTE | |||
r-oldrel-macos-x86_64 | 1.1 | 365.00 | NOTE | |||
r-oldrel-windows-x86_64 | 1.1 | 112.00 | 445.00 | 557.00 | NOTE |
Version: 1.1
Check: installed package size
Result: NOTE
installed size is 25.3Mb
sub-directories of 1Mb or more:
doc 3.9Mb
libs 20.7Mb
Flavors: r-oldrel-macos-arm64, r-oldrel-macos-x86_64, r-oldrel-windows-x86_64