Last updated on 2025-04-30 04:50:11 CEST.
Flavor | Version | Tinstall | Tcheck | Ttotal | Status | Flags |
---|---|---|---|---|---|---|
r-devel-linux-x86_64-debian-clang | 0.2.3 | 38.47 | 102.24 | 140.71 | NOTE | |
r-devel-linux-x86_64-debian-gcc | 0.2.3 | 28.25 | 78.77 | 107.02 | NOTE | |
r-devel-linux-x86_64-fedora-clang | 0.2.3 | 257.33 | OK | |||
r-devel-linux-x86_64-fedora-gcc | 0.2.3 | 251.11 | OK | |||
r-devel-windows-x86_64 | 0.2.3 | 42.00 | 132.00 | 174.00 | OK | |
r-patched-linux-x86_64 | 0.2.3 | 40.71 | 97.39 | 138.10 | OK | |
r-release-linux-x86_64 | 0.2.3 | 40.39 | 97.56 | 137.95 | OK | |
r-release-macos-arm64 | 0.2.3 | 134.00 | OK | |||
r-release-macos-x86_64 | 0.2.3 | 131.00 | OK | |||
r-release-windows-x86_64 | 0.2.3 | 42.00 | 130.00 | 172.00 | OK | |
r-oldrel-macos-arm64 | 0.2.3 | 90.00 | OK | |||
r-oldrel-macos-x86_64 | 0.2.3 | 107.00 | OK | |||
r-oldrel-windows-x86_64 | 0.2.3 | 47.00 | 136.00 | 183.00 | OK |
Version: 0.2.3
Check: examples
Result: NOTE
Examples with CPU (user + system) or elapsed time > 5s
user system elapsed
mHR2.LF 4.313 1.120 5.998
tvc.example 4.683 0.283 5.765
plotnpSurv2.HM 4.489 0.102 5.561
Flavor: r-devel-linux-x86_64-debian-clang
Version: 0.2.3
Check: examples
Result: NOTE
Examples with CPU (user + system) or elapsed time > 5s
user system elapsed
mHR2.LF 2.954 1.582 5.086
Flavor: r-devel-linux-x86_64-debian-gcc