Last updated on 2025-02-22 05:51:43 CET.
Flavor | Version | Tinstall | Tcheck | Ttotal | Status | Flags |
---|---|---|---|---|---|---|
r-devel-linux-x86_64-debian-clang | 0.4.21 | 4.98 | 43.99 | 48.97 | OK | |
r-devel-linux-x86_64-debian-gcc | 0.4.21 | 3.47 | 32.27 | 35.74 | OK | |
r-devel-linux-x86_64-fedora-clang | 0.4.21 | 78.76 | NOTE | |||
r-devel-linux-x86_64-fedora-gcc | 0.4.21 | 96.35 | NOTE | |||
r-devel-macos-arm64 | 0.4.21 | 32.00 | OK | |||
r-devel-macos-x86_64 | 0.4.21 | 72.00 | OK | |||
r-devel-windows-x86_64 | 0.4.21 | 8.00 | 93.00 | 101.00 | OK | |
r-patched-linux-x86_64 | 0.4.21 | 4.26 | 41.63 | 45.89 | OK | |
r-release-linux-x86_64 | 0.4.21 | 4.03 | 41.61 | 45.64 | OK | |
r-release-macos-arm64 | 0.4.21 | 33.00 | OK | |||
r-release-macos-x86_64 | 0.4.21 | 76.00 | OK | |||
r-release-windows-x86_64 | 0.4.21 | 7.00 | 93.00 | 100.00 | OK | |
r-oldrel-macos-arm64 | 0.4.21 | 38.00 | OK | |||
r-oldrel-macos-x86_64 | 0.4.21 | 139.00 | OK | |||
r-oldrel-windows-x86_64 | 0.4.21 | 7.00 | 87.00 | 94.00 | OK |
Version: 0.4.21
Check: compiled code
Result: NOTE
File ‘mhsmm/libs/mhsmm.so’:
Found no calls to: ‘R_registerRoutines’, ‘R_useDynamicSymbols’
It is good practice to register native routines and to disable symbol
search.
See ‘Writing portable packages’ in the ‘Writing R Extensions’ manual.
Flavors: r-devel-linux-x86_64-fedora-clang, r-devel-linux-x86_64-fedora-gcc