CRAN Package Check Results for Package mi4p

Last updated on 2025-04-30 04:50:11 CEST.

Flavor Version Tinstall Tcheck Ttotal Status Flags
r-devel-linux-x86_64-debian-clang 1.2 3.56 52.89 56.45 NOTE
r-devel-linux-x86_64-debian-gcc 1.2 2.27 40.01 42.28 OK
r-devel-linux-x86_64-fedora-clang 1.2 89.02 OK
r-devel-linux-x86_64-fedora-gcc 1.2 98.81 OK
r-devel-windows-x86_64 1.2 6.00 79.00 85.00 OK
r-patched-linux-x86_64 1.2 4.07 49.40 53.47 OK
r-release-linux-x86_64 1.2 2.80 49.34 52.14 OK
r-release-macos-arm64 1.2 37.00 OK
r-release-macos-x86_64 1.2 62.00 OK
r-release-windows-x86_64 1.2 7.00 79.00 86.00 OK
r-oldrel-macos-arm64 1.2 40.00 OK
r-oldrel-macos-x86_64 1.2 49.00 OK
r-oldrel-windows-x86_64 1.2 7.00 91.00 98.00 OK

Check Details

Version: 1.2
Check: examples
Result: NOTE Examples with CPU (user + system) or elapsed time > 5s user system elapsed eBayes.mod 5.873 0.345 7.085 Flavor: r-devel-linux-x86_64-debian-clang