Last updated on 2025-04-30 04:50:11 CEST.
Flavor | Version | Tinstall | Tcheck | Ttotal | Status | Flags |
---|---|---|---|---|---|---|
r-devel-linux-x86_64-debian-clang | 2.1 | 12.54 | 81.92 | 94.46 | NOTE | |
r-devel-linux-x86_64-debian-gcc | 2.1 | 7.33 | 53.78 | 61.11 | NOTE | |
r-devel-linux-x86_64-fedora-clang | 2.1 | 146.16 | OK | |||
r-devel-linux-x86_64-fedora-gcc | 2.1 | 143.25 | OK | |||
r-devel-windows-x86_64 | 2.1 | 11.00 | 89.00 | 100.00 | OK | |
r-patched-linux-x86_64 | 2.1 | 12.57 | 74.02 | 86.59 | OK | |
r-release-linux-x86_64 | 2.1 | 10.93 | 73.73 | 84.66 | OK | |
r-release-macos-arm64 | 2.1 | 37.00 | OK | |||
r-release-macos-x86_64 | 2.1 | 76.00 | OK | |||
r-release-windows-x86_64 | 2.1 | 11.00 | 88.00 | 99.00 | OK | |
r-oldrel-macos-arm64 | 2.1 | 38.00 | OK | |||
r-oldrel-macos-x86_64 | 2.1 | 61.00 | OK | |||
r-oldrel-windows-x86_64 | 2.1 | 16.00 | 107.00 | 123.00 | OK |
Version: 2.1
Check: CRAN incoming feasibility
Result: NOTE
Maintainer: ‘Zheng-Zheng Tang <tang@biostat.wisc.edu>’
No Authors@R field in DESCRIPTION.
Please add one, modifying
Authors@R: person(given = "Zheng-Zheng",
family = "Tang",
role = c("aut", "cre"),
email = "tang@biostat.wisc.edu")
as necessary.
Flavors: r-devel-linux-x86_64-debian-clang, r-devel-linux-x86_64-debian-gcc
Version: 2.1
Check: examples
Result: NOTE
Examples with CPU (user + system) or elapsed time > 5s
user system elapsed
miLineage-package 5.947 0.080 6.518
ZIGDM 5.177 0.061 6.442
Flavor: r-devel-linux-x86_64-debian-clang