Last updated on 2025-04-30 04:50:11 CEST.
Flavor | Version | Tinstall | Tcheck | Ttotal | Status | Flags |
---|---|---|---|---|---|---|
r-devel-linux-x86_64-debian-clang | 1.5 | 23.17 | 64.73 | 87.90 | NOTE | |
r-devel-linux-x86_64-debian-gcc | 1.5 | 14.94 | 49.77 | 64.71 | NOTE | |
r-devel-linux-x86_64-fedora-clang | 1.5 | 145.03 | OK | |||
r-devel-linux-x86_64-fedora-gcc | 1.5 | 155.81 | OK | |||
r-devel-windows-x86_64 | 1.5 | 28.00 | 109.00 | 137.00 | OK | |
r-patched-linux-x86_64 | 1.5 | 22.56 | 61.53 | 84.09 | OK | |
r-release-linux-x86_64 | 1.5 | 21.27 | 61.24 | 82.51 | OK | |
r-release-macos-arm64 | 1.5 | 54.00 | OK | |||
r-release-macos-x86_64 | 1.5 | 98.00 | OK | |||
r-release-windows-x86_64 | 1.5 | 29.00 | 109.00 | 138.00 | OK | |
r-oldrel-macos-arm64 | 1.5 | 47.00 | OK | |||
r-oldrel-macos-x86_64 | 1.5 | 69.00 | OK | |||
r-oldrel-windows-x86_64 | 1.5 | 33.00 | 117.00 | 150.00 | OK |
Version: 1.5
Check: CRAN incoming feasibility
Result: NOTE
Maintainer: ‘Cristian Yones <cyones@sinc.unl.edu.ar>’
No Authors@R field in DESCRIPTION.
Please add one, modifying
Authors@R: person(given = "Cristian",
family = "Yones",
role = c("aut", "cre"),
email = "cyones@sinc.unl.edu.ar")
as necessary.
Flavors: r-devel-linux-x86_64-debian-clang, r-devel-linux-x86_64-debian-gcc