Last updated on 2025-04-30 04:50:11 CEST.
Flavor | Version | Tinstall | Tcheck | Ttotal | Status | Flags |
---|---|---|---|---|---|---|
r-devel-linux-x86_64-debian-clang | 1.0.2 | 6.12 | 63.42 | 69.54 | NOTE | |
r-devel-linux-x86_64-debian-gcc | 1.0.2 | 5.06 | 47.78 | 52.84 | NOTE | |
r-devel-linux-x86_64-fedora-clang | 1.0.2 | 112.03 | NOTE | |||
r-devel-linux-x86_64-fedora-gcc | 1.0.2 | 111.23 | NOTE | |||
r-devel-windows-x86_64 | 1.0.2 | 7.00 | 88.00 | 95.00 | NOTE | |
r-patched-linux-x86_64 | 1.0.2 | 5.96 | 61.90 | 67.86 | NOTE | |
r-release-linux-x86_64 | 1.0.2 | 7.03 | 61.38 | 68.41 | NOTE | |
r-release-macos-arm64 | 1.0.2 | 35.00 | NOTE | |||
r-release-macos-x86_64 | 1.0.2 | 72.00 | NOTE | |||
r-release-windows-x86_64 | 1.0.2 | 8.00 | 86.00 | 94.00 | NOTE | |
r-oldrel-macos-arm64 | 1.0.2 | 32.00 | NOTE | |||
r-oldrel-macos-x86_64 | 1.0.2 | 56.00 | NOTE | |||
r-oldrel-windows-x86_64 | 1.0.2 | 9.00 | 97.00 | 106.00 | NOTE |
Version: 1.0.2
Check: CRAN incoming feasibility
Result: NOTE
Maintainer: ‘David Moriña <dmorina@ub.edu>’
The Description field contains
Hernández-Herrera G, Moriña D, Navarro A. (2020) <arXiv:2007.15031>.
Please refer to arXiv e-prints via their arXiv DOI <doi:10.48550/arXiv.YYMM.NNNNN>.
Flavors: r-devel-linux-x86_64-debian-clang, r-devel-linux-x86_64-debian-gcc
Version: 1.0.2
Check: Rd files
Result: NOTE
checkRd: (-1) sim.data.Rd:11: Lost braces in \enumerate; meant \describe ?
checkRd: (-1) sim.data.Rd:12: Lost braces in \enumerate; meant \describe ?
checkRd: (-1) sim.data.Rd:13: Lost braces in \enumerate; meant \describe ?
checkRd: (-1) sim.data.Rd:14: Lost braces in \enumerate; meant \describe ?
checkRd: (-1) sim.data.Rd:15: Lost braces in \enumerate; meant \describe ?
checkRd: (-1) sim.data.Rd:16: Lost braces in \enumerate; meant \describe ?
checkRd: (-1) sim.data.Rd:17: Lost braces in \enumerate; meant \describe ?
checkRd: (-1) sim.data.Rd:18: Lost braces in \enumerate; meant \describe ?
checkRd: (-1) sim.data.Rd:19: Lost braces in \enumerate; meant \describe ?
checkRd: (-1) sim.data.Rd:20: Lost braces in \enumerate; meant \describe ?
checkRd: (-1) sim.data.Rd:21: Lost braces in \enumerate; meant \describe ?
checkRd: (-1) sim.data.Rd:22: Lost braces in \enumerate; meant \describe ?
checkRd: (-1) sim.data.Rd:23: Lost braces in \enumerate; meant \describe ?
checkRd: (-1) sim.data.Rd:24: Lost braces in \enumerate; meant \describe ?
checkRd: (-1) sim.data.Rd:25: Lost braces in \enumerate; meant \describe ?
checkRd: (-1) sim.data.Rd:26: Lost braces in \enumerate; meant \describe ?
checkRd: (-1) sim.data.Rd:27: Lost braces in \enumerate; meant \describe ?
Flavors: r-devel-linux-x86_64-debian-clang, r-devel-linux-x86_64-debian-gcc, r-devel-linux-x86_64-fedora-clang, r-devel-linux-x86_64-fedora-gcc, r-devel-windows-x86_64, r-patched-linux-x86_64, r-release-linux-x86_64, r-release-macos-arm64, r-release-macos-x86_64, r-release-windows-x86_64, r-oldrel-macos-arm64, r-oldrel-macos-x86_64, r-oldrel-windows-x86_64
Version: 1.0.2
Check: examples
Result: NOTE
Examples with CPU (user + system) or elapsed time > 5s
user system elapsed
miRecSurv-package 3.702 0.054 5.396
recEvFit 3.712 0.007 5.485
Flavor: r-devel-linux-x86_64-debian-clang