Last updated on 2025-04-30 04:50:11 CEST.
Flavor | Version | Tinstall | Tcheck | Ttotal | Status | Flags |
---|---|---|---|---|---|---|
r-devel-linux-x86_64-debian-clang | 2.1 | 27.92 | 257.75 | 285.67 | NOTE | |
r-devel-linux-x86_64-debian-gcc | 2.1 | 23.41 | 181.55 | 204.96 | NOTE | |
r-devel-linux-x86_64-fedora-clang | 2.1 | 463.80 | OK | |||
r-devel-linux-x86_64-fedora-gcc | 2.1 | 450.94 | OK | |||
r-devel-windows-x86_64 | 2.1 | 25.00 | 234.00 | 259.00 | OK | |
r-patched-linux-x86_64 | 2.1 | 28.83 | 241.06 | 269.89 | OK | |
r-release-linux-x86_64 | 2.1 | 26.51 | 242.15 | 268.66 | OK | |
r-release-macos-arm64 | 2.1 | 123.00 | OK | |||
r-release-macos-x86_64 | 2.1 | 314.00 | OK | |||
r-release-windows-x86_64 | 2.1 | 25.00 | 235.00 | 260.00 | OK | |
r-oldrel-macos-arm64 | 2.1 | 113.00 | OK | |||
r-oldrel-macos-x86_64 | 2.1 | 176.00 | OK | |||
r-oldrel-windows-x86_64 | 2.1 | 24.00 | 288.00 | 312.00 | OK |
Version: 2.1
Check: CRAN incoming feasibility
Result: NOTE
Maintainer: ‘Stephan Artmann <stephanartmann@gmx.net>’
No Authors@R field in DESCRIPTION.
Please add one, modifying
Authors@R: c(person(given = "Stephan",
family = "Artmann",
role = c("aut", "cre"),
email = "stephanartmann@gmx.net"),
person(given = "Klaus",
family = "Jung",
role = "aut"),
person(given = "Tim",
family = "Beissbarth",
role = "aut"))
as necessary.
Flavors: r-devel-linux-x86_64-debian-clang, r-devel-linux-x86_64-debian-gcc