Last updated on 2025-04-30 04:50:11 CEST.
Flavor | Version | Tinstall | Tcheck | Ttotal | Status | Flags |
---|---|---|---|---|---|---|
r-devel-linux-x86_64-debian-clang | 0.6-20 | 11.94 | 123.71 | 135.65 | NOTE | |
r-devel-linux-x86_64-debian-gcc | 0.6-20 | 7.04 | 83.67 | 90.71 | NOTE | |
r-devel-linux-x86_64-fedora-clang | 0.6-20 | 229.90 | OK | |||
r-devel-linux-x86_64-fedora-gcc | 0.6-20 | 226.95 | OK | |||
r-devel-windows-x86_64 | 0.6-20 | 13.00 | 155.00 | 168.00 | OK | |
r-patched-linux-x86_64 | 0.6-20 | 11.37 | 116.51 | 127.88 | OK | |
r-release-linux-x86_64 | 0.6-20 | 9.67 | 115.67 | 125.34 | OK | |
r-release-macos-arm64 | 0.6-20 | 64.00 | OK | |||
r-release-macos-x86_64 | 0.6-20 | 147.00 | OK | |||
r-release-windows-x86_64 | 0.6-20 | 12.00 | 151.00 | 163.00 | OK | |
r-oldrel-macos-arm64 | 0.6-20 | 64.00 | OK | |||
r-oldrel-macos-x86_64 | 0.6-20 | 95.00 | OK | |||
r-oldrel-windows-x86_64 | 0.6-20 | 15.00 | 180.00 | 195.00 | OK |
Version: 0.6-20
Check: CRAN incoming feasibility
Result: NOTE
Maintainer: ‘Arne Henningsen <arne.henningsen@gmail.com>’
No Authors@R field in DESCRIPTION.
Please add one, modifying
Authors@R: person(given = "Arne",
family = "Henningsen",
role = c("aut", "cre"),
email = "arne.henningsen@gmail.com")
as necessary.
Flavors: r-devel-linux-x86_64-debian-clang, r-devel-linux-x86_64-debian-gcc
Version: 0.6-20
Check: examples
Result: NOTE
Examples with CPU (user + system) or elapsed time > 5s
user system elapsed
aidsBestA0 7.285 0.007 8.581
Flavor: r-devel-linux-x86_64-debian-clang