Last updated on 2025-04-30 04:50:11 CEST.
Flavor | Version | Tinstall | Tcheck | Ttotal | Status | Flags |
---|---|---|---|---|---|---|
r-devel-linux-x86_64-debian-clang | 0.6-10 | 9.35 | 71.29 | 80.64 | NOTE | |
r-devel-linux-x86_64-debian-gcc | 0.6-10 | 5.74 | 52.13 | 57.87 | NOTE | |
r-devel-linux-x86_64-fedora-clang | 0.6-10 | 136.07 | OK | |||
r-devel-linux-x86_64-fedora-gcc | 0.6-10 | 129.72 | OK | |||
r-devel-windows-x86_64 | 0.6-10 | 9.00 | 86.00 | 95.00 | OK | |
r-patched-linux-x86_64 | 0.6-10 | 9.28 | 68.32 | 77.60 | OK | |
r-release-linux-x86_64 | 0.6-10 | 8.15 | 67.42 | 75.57 | OK | |
r-release-macos-arm64 | 0.6-10 | 37.00 | OK | |||
r-release-macos-x86_64 | 0.6-10 | 77.00 | OK | |||
r-release-windows-x86_64 | 0.6-10 | 11.00 | 85.00 | 96.00 | OK | |
r-oldrel-macos-arm64 | 0.6-10 | 36.00 | OK | |||
r-oldrel-macos-x86_64 | 0.6-10 | 53.00 | OK | |||
r-oldrel-windows-x86_64 | 0.6-10 | 13.00 | 102.00 | 115.00 | OK |
Version: 0.6-10
Check: CRAN incoming feasibility
Result: NOTE
Maintainer: ‘Arne Henningsen <arne.henningsen@gmail.com>’
No Authors@R field in DESCRIPTION.
Please add one, modifying
Authors@R: person(given = "Arne",
family = "Henningsen",
role = c("aut", "cre"),
email = "arne.henningsen@gmail.com")
as necessary.
Flavors: r-devel-linux-x86_64-debian-clang, r-devel-linux-x86_64-debian-gcc