CRAN Package Check Results for Package micar

Last updated on 2025-04-30 04:50:11 CEST.

Flavor Version Tinstall Tcheck Ttotal Status Flags
r-devel-linux-x86_64-debian-clang 1.1.2 3.05 31.98 35.03 NOTE
r-devel-linux-x86_64-debian-gcc 1.1.2 2.23 25.58 27.81 NOTE
r-devel-linux-x86_64-fedora-clang 1.1.2 54.55 OK
r-devel-linux-x86_64-fedora-gcc 1.1.2 70.82 OK
r-devel-windows-x86_64 1.1.2 4.00 60.00 64.00 OK
r-patched-linux-x86_64 1.1.2 3.38 30.66 34.04 OK
r-release-linux-x86_64 1.1.2 3.04 30.55 33.59 OK
r-release-macos-arm64 1.1.2 30.00 OK
r-release-macos-x86_64 1.1.2 52.00 OK
r-release-windows-x86_64 1.1.2 6.00 60.00 66.00 OK
r-oldrel-macos-arm64 1.1.2 27.00 OK
r-oldrel-macos-x86_64 1.1.2 41.00 OK
r-oldrel-windows-x86_64 1.1.2 6.00 62.00 68.00 OK

Check Details

Version: 1.1.2
Check: CRAN incoming feasibility
Result: NOTE Maintainer: ‘Yannick Marcon <yannick.marcon@obiba.org>’ The BugReports field in DESCRIPTION has https://github.com/obiba/micar which should likely be https://github.com/obiba/micar/issues instead. Flavors: r-devel-linux-x86_64-debian-clang, r-devel-linux-x86_64-debian-gcc