CRAN Package Check Results for Package micd

Last updated on 2025-04-30 04:50:11 CEST.

Flavor Version Tinstall Tcheck Ttotal Status Flags
r-devel-linux-x86_64-debian-clang 1.1.1 15.89 175.82 191.71 NOTE
r-devel-linux-x86_64-debian-gcc 1.1.1 9.26 123.66 132.92 NOTE
r-devel-linux-x86_64-fedora-clang 1.1.1 313.95 OK
r-devel-linux-x86_64-fedora-gcc 1.1.1 301.26 OK
r-devel-windows-x86_64 1.1.1 16.00 174.00 190.00 NOTE
r-patched-linux-x86_64 1.1.1 14.83 164.76 179.59 NOTE
r-release-linux-x86_64 1.1.1 16.02 165.14 181.16 NOTE
r-release-macos-arm64 1.1.1 80.00 OK
r-release-macos-x86_64 1.1.1 178.00 OK
r-release-windows-x86_64 1.1.1 17.00 172.00 189.00 NOTE
r-oldrel-macos-arm64 1.1.1 79.00 OK
r-oldrel-macos-x86_64 1.1.1 120.00 OK
r-oldrel-windows-x86_64 1.1.1 22.00 213.00 235.00 OK

Additional issues

noSuggests

Check Details

Version: 1.1.1
Check: CRAN incoming feasibility
Result: NOTE Maintainer: ‘Ronja Foraita <foraita@leibniz-bips.de>’ The Description field contains RM, Foraita R, Didelez V, Witte J (2021) <arXiv:2108.13395>; Witte J, Please refer to arXiv e-prints via their arXiv DOI <doi:10.48550/arXiv.YYMM.NNNNN>. Flavors: r-devel-linux-x86_64-debian-clang, r-devel-linux-x86_64-debian-gcc

Version: 1.1.1
Check: Rd cross-references
Result: NOTE Found the following Rd file(s) with Rd \link{} targets missing package anchors: flexCItest.Rd: gaussCItest, disCItest getSuff.Rd: gaussCItest, disCItest Please provide package anchors for all Rd \link{} targets not in the package itself and the base packages. Flavors: r-devel-linux-x86_64-debian-clang, r-devel-linux-x86_64-debian-gcc, r-devel-windows-x86_64, r-patched-linux-x86_64, r-release-linux-x86_64, r-release-windows-x86_64

Version: 1.1.1
Check: examples
Result: NOTE Examples with CPU (user + system) or elapsed time > 5s user system elapsed fciMI 6.111 0.103 7.885 skeletonMI 5.393 0.041 6.231 mixMItest 4.910 0.102 6.825 getSuff 4.278 0.032 5.933 disMItest 3.809 0.436 5.155 flexMItest 3.380 0.161 5.197 Flavor: r-devel-linux-x86_64-debian-clang

Version: 1.1.1
Check: examples
Result: NOTE Examples with CPU (user + system) or elapsed time > 5s user system elapsed skeletonMI 4.655 0.012 6.544 mixMItest 4.338 0.055 6.157 Flavor: r-devel-linux-x86_64-debian-gcc