CRAN Package Check Results for Package miceadds

Last updated on 2025-04-30 04:50:11 CEST.

Flavor Version Tinstall Tcheck Ttotal Status Flags
r-devel-linux-x86_64-debian-clang 3.17-44 110.13 173.27 283.40 NOTE
r-devel-linux-x86_64-debian-gcc 3.17-44 79.26 116.10 195.36 NOTE
r-devel-linux-x86_64-fedora-clang 3.17-44 492.84 OK
r-devel-linux-x86_64-fedora-gcc 3.17-44 490.70 OK
r-devel-windows-x86_64 3.17-44 121.00 220.00 341.00 OK
r-patched-linux-x86_64 3.17-44 107.72 161.43 269.15 OK
r-release-linux-x86_64 3.17-44 100.36 162.16 262.52 OK
r-release-macos-arm64 3.17-44 108.00 OK
r-release-macos-x86_64 3.17-44 173.00 OK
r-release-windows-x86_64 3.17-44 122.00 220.00 342.00 OK
r-oldrel-macos-arm64 3.17-44 113.00 NOTE
r-oldrel-macos-x86_64 3.17-44 152.00 NOTE
r-oldrel-windows-x86_64 3.17-44 145.00 275.00 420.00 OK

Check Details

Version: 3.17-44
Check: CRAN incoming feasibility
Result: NOTE Maintainer: ‘Alexander Robitzsch <robitzsch@ipn.uni-kiel.de>’ No Authors@R field in DESCRIPTION. Please add one, modifying Authors@R: c(person(given = "Alexander", family = "Robitzsch", role = c("aut", "cre"), email = "robitzsch@ipn.uni-kiel.de", comment = c(ORCID = "0000-0002-8226-3132")), person(given = "Simon", family = "Grund", role = "aut", comment = c(ORCID = "0000-0002-1290-8986")), person(given = "Thorsten", family = "Henke", role = "ctb")) as necessary. Flavors: r-devel-linux-x86_64-debian-clang, r-devel-linux-x86_64-debian-gcc

Version: 3.17-44
Check: installed package size
Result: NOTE installed size is 7.3Mb sub-directories of 1Mb or more: libs 5.6Mb Flavors: r-oldrel-macos-arm64, r-oldrel-macos-x86_64