Last updated on 2025-04-30 04:50:11 CEST.
Flavor | Version | Tinstall | Tcheck | Ttotal | Status | Flags |
---|---|---|---|---|---|---|
r-devel-linux-x86_64-debian-clang | 1.9.10 | 9.98 | 138.36 | 148.34 | NOTE | |
r-devel-linux-x86_64-debian-gcc | 1.9.10 | 7.38 | 92.53 | 99.91 | OK | |
r-devel-linux-x86_64-fedora-clang | 1.9.10 | 221.54 | OK | |||
r-devel-linux-x86_64-fedora-gcc | 1.9.10 | 238.31 | OK | |||
r-devel-windows-x86_64 | 1.9.10 | 11.00 | 144.00 | 155.00 | OK | |
r-patched-linux-x86_64 | 1.9.10 | 9.62 | 128.37 | 137.99 | OK | |
r-release-linux-x86_64 | 1.9.10 | 9.08 | 129.98 | 139.06 | OK | |
r-release-macos-arm64 | 1.9.10 | 105.00 | OK | |||
r-release-macos-x86_64 | 1.9.10 | 107.00 | OK | |||
r-release-windows-x86_64 | 1.9.10 | 12.00 | 144.00 | 156.00 | OK | |
r-oldrel-macos-arm64 | 1.9.10 | 71.00 | OK | |||
r-oldrel-macos-x86_64 | 1.9.10 | 114.00 | OK | |||
r-oldrel-windows-x86_64 | 1.9.10 | 13.00 | 174.00 | 187.00 | OK |
Version: 1.9.10
Check: examples
Result: NOTE
Examples with CPU (user + system) or elapsed time > 5s
user system elapsed
mmplot 5.143 0.146 6.471
Flavor: r-devel-linux-x86_64-debian-clang