Last updated on 2025-04-30 04:50:11 CEST.
Flavor | Version | Tinstall | Tcheck | Ttotal | Status | Flags |
---|---|---|---|---|---|---|
r-devel-linux-x86_64-debian-clang | 3.1.1 | 19.56 | 135.14 | 154.70 | NOTE | |
r-devel-linux-x86_64-debian-gcc | 3.1.1 | 14.41 | 97.15 | 111.56 | OK | |
r-devel-linux-x86_64-fedora-clang | 3.1.1 | 258.66 | OK | |||
r-devel-linux-x86_64-fedora-gcc | 3.1.1 | 269.81 | OK | |||
r-devel-windows-x86_64 | 3.1.1 | 21.00 | 159.00 | 180.00 | OK | |
r-patched-linux-x86_64 | 3.1.1 | 23.22 | 128.89 | 152.11 | OK | |
r-release-linux-x86_64 | 3.1.1 | 16.94 | 128.53 | 145.47 | OK | |
r-release-macos-arm64 | 3.1.1 | 86.00 | OK | |||
r-release-macos-x86_64 | 3.1.1 | 155.00 | OK | |||
r-release-windows-x86_64 | 3.1.1 | 22.00 | 160.00 | 182.00 | OK | |
r-oldrel-macos-arm64 | 3.1.1 | 84.00 | OK | |||
r-oldrel-macos-x86_64 | 3.1.1 | 174.00 | OK | |||
r-oldrel-windows-x86_64 | 3.1.1 | 27.00 | 189.00 | 216.00 | OK |
Version: 3.1.1
Check: examples
Result: NOTE
Examples with CPU (user + system) or elapsed time > 5s
user system elapsed
micromapST 3.942 0.056 5.051
BuildBorderGroup 3.662 0.286 5.554
Flavor: r-devel-linux-x86_64-debian-clang