CRAN Package Check Results for Package midastouch

Last updated on 2025-04-30 04:50:11 CEST.

Flavor Version Tinstall Tcheck Ttotal Status Flags
r-devel-linux-x86_64-debian-clang 1.3 1.67 21.13 22.80 NOTE
r-devel-linux-x86_64-debian-gcc 1.3 1.38 16.62 18.00 NOTE
r-devel-linux-x86_64-fedora-clang 1.3 35.91 OK
r-devel-linux-x86_64-fedora-gcc 1.3 35.84 OK
r-devel-windows-x86_64 1.3 3.00 46.00 49.00 OK
r-patched-linux-x86_64 1.3 1.45 19.94 21.39 OK
r-release-linux-x86_64 1.3 1.54 20.50 22.04 OK
r-release-macos-arm64 1.3 19.00 OK
r-release-macos-x86_64 1.3 30.00 OK
r-release-windows-x86_64 1.3 2.00 45.00 47.00 OK
r-oldrel-macos-arm64 1.3 16.00 NOTE
r-oldrel-macos-x86_64 1.3 26.00 NOTE
r-oldrel-windows-x86_64 1.3 3.00 43.00 46.00 NOTE

Check Details

Version: 1.3
Check: CRAN incoming feasibility
Result: NOTE Maintainer: ‘Philipp Gaffert <philipp.gaffert@web.de>’ Package CITATION file contains call(s) to old-style personList() or as.personList(). Please use c() on person objects instead. Package CITATION file contains call(s) to old-style citEntry(). Please use bibentry() instead. Flavors: r-devel-linux-x86_64-debian-clang, r-devel-linux-x86_64-debian-gcc

Version: 1.3
Check: examples
Result: NOTE Examples with CPU (user + system) or elapsed time > 5s user system elapsed mice.impute.midastouch 4.027 0.201 5.291 Flavor: r-devel-linux-x86_64-debian-clang

Version: 1.3
Check: LazyData
Result: NOTE 'LazyData' is specified without a 'data' directory Flavors: r-oldrel-macos-arm64, r-oldrel-macos-x86_64, r-oldrel-windows-x86_64