Last updated on 2025-02-21 03:52:19 CET.
Flavor | Version | Tinstall | Tcheck | Ttotal | Status | Flags |
---|---|---|---|---|---|---|
r-devel-linux-x86_64-debian-clang | 1.0.2 | 3.94 | 47.92 | 51.86 | OK | |
r-devel-linux-x86_64-debian-gcc | 1.0.2 | 3.18 | 34.54 | 37.72 | OK | |
r-devel-linux-x86_64-fedora-clang | 1.0.2 | 83.42 | OK | |||
r-devel-linux-x86_64-fedora-gcc | 1.0.2 | 96.69 | OK | |||
r-devel-macos-arm64 | 1.0.2 | 38.00 | OK | |||
r-devel-macos-x86_64 | 1.0.2 | 69.00 | OK | |||
r-devel-windows-x86_64 | 1.0.2 | 7.00 | 74.00 | 81.00 | OK | |
r-patched-linux-x86_64 | 1.0.2 | 4.61 | 41.87 | 46.48 | NOTE | |
r-release-linux-x86_64 | 1.0.2 | 3.97 | 42.60 | 46.57 | NOTE | |
r-release-macos-arm64 | 1.0.2 | 52.00 | NOTE | |||
r-release-macos-x86_64 | 1.0.2 | 57.00 | NOTE | |||
r-release-windows-x86_64 | 1.0.2 | 7.00 | 74.00 | 81.00 | NOTE | |
r-oldrel-macos-arm64 | 1.0.2 | 41.00 | NOTE | |||
r-oldrel-macos-x86_64 | 1.0.2 | 95.00 | NOTE | |||
r-oldrel-windows-x86_64 | 1.0.2 | 6.00 | 76.00 | 82.00 | NOTE |
Version: 1.0.2
Check: package dependencies
Result: NOTE
Package suggested but not available for checking: ‘midfielddata’
Flavors: r-patched-linux-x86_64, r-release-linux-x86_64, r-release-macos-arm64, r-release-macos-x86_64, r-release-windows-x86_64, r-oldrel-macos-arm64, r-oldrel-macos-x86_64, r-oldrel-windows-x86_64