CRAN Package Check Results for Package midfieldr

Last updated on 2025-04-30 04:50:11 CEST.

Flavor Version Tinstall Tcheck Ttotal Status Flags
r-devel-linux-x86_64-debian-clang 1.0.2 4.31 50.32 54.63 OK
r-devel-linux-x86_64-debian-gcc 1.0.2 3.17 37.97 41.14 OK
r-devel-linux-x86_64-fedora-clang 1.0.2 82.36 OK
r-devel-linux-x86_64-fedora-gcc 1.0.2 94.49 OK
r-devel-windows-x86_64 1.0.2 8.00 79.00 87.00 OK
r-patched-linux-x86_64 1.0.2 4.36 43.26 47.62 OK
r-release-linux-x86_64 1.0.2 4.40 43.47 47.87 OK
r-release-macos-arm64 1.0.2 45.00 OK
r-release-macos-x86_64 1.0.2 80.00 OK
r-release-windows-x86_64 1.0.2 7.00 81.00 88.00 OK
r-oldrel-macos-arm64 1.0.2 52.00 NOTE
r-oldrel-macos-x86_64 1.0.2 57.00 NOTE
r-oldrel-windows-x86_64 1.0.2 7.00 83.00 90.00 NOTE

Check Details

Version: 1.0.2
Check: package dependencies
Result: NOTE Package suggested but not available for checking: ‘midfielddata’ Flavors: r-oldrel-macos-arm64, r-oldrel-macos-x86_64, r-oldrel-windows-x86_64