CRAN Package Check Results for Package midoc

Last updated on 2025-04-30 04:50:11 CEST.

Flavor Version Tinstall Tcheck Ttotal Status Flags
r-devel-linux-x86_64-debian-clang 1.0.0 3.73 76.25 79.98 NOTE
r-devel-linux-x86_64-debian-gcc 1.0.0 2.45 56.26 58.71 OK
r-devel-linux-x86_64-fedora-clang 1.0.0 117.59 OK
r-devel-linux-x86_64-fedora-gcc 1.0.0 133.56 OK
r-devel-windows-x86_64 1.0.0 5.00 95.00 100.00 OK
r-patched-linux-x86_64 1.0.0 3.35 72.21 75.56 OK
r-release-linux-x86_64 1.0.0 3.44 72.27 75.71 OK
r-release-macos-arm64 1.0.0 43.00 OK
r-release-macos-x86_64 1.0.0 75.00 OK
r-release-windows-x86_64 1.0.0 7.00 98.00 105.00 OK
r-oldrel-macos-arm64 1.0.0 38.00 OK
r-oldrel-macos-x86_64 1.0.0 58.00 OK
r-oldrel-windows-x86_64 1.0.0 7.00 106.00 113.00 OK

Check Details

Version: 1.0.0
Check: examples
Result: NOTE Examples with CPU (user + system) or elapsed time > 5s user system elapsed doMImice 4.827 0.161 6.013 Flavor: r-devel-linux-x86_64-debian-clang