CRAN Package Check Results for Package miic

Last updated on 2025-04-30 04:50:11 CEST.

Flavor Version Tinstall Tcheck Ttotal Status Flags
r-devel-linux-x86_64-debian-clang 2.0.3 79.64 49.37 129.01 OK
r-devel-linux-x86_64-debian-gcc 2.0.3 54.67 35.67 90.34 OK
r-devel-linux-x86_64-fedora-clang 2.0.3 245.19 OK
r-devel-linux-x86_64-fedora-gcc 2.0.3 232.78 OK
r-devel-windows-x86_64 2.0.3 91.00 97.00 188.00 OK
r-patched-linux-x86_64 2.0.3 75.79 46.56 122.35 OK
r-release-linux-x86_64 2.0.3 80.16 47.42 127.58 OK
r-release-macos-arm64 2.0.3 52.00 OK
r-release-macos-x86_64 2.0.3 78.00 OK
r-release-windows-x86_64 2.0.3 90.00 96.00 186.00 OK
r-oldrel-macos-arm64 2.0.3 51.00 NOTE
r-oldrel-macos-x86_64 2.0.3 77.00 NOTE
r-oldrel-windows-x86_64 2.0.3 101.00 109.00 210.00 OK

Check Details

Version: 2.0.3
Check: installed package size
Result: NOTE installed size is 6.5Mb sub-directories of 1Mb or more: libs 6.0Mb Flavors: r-oldrel-macos-arm64, r-oldrel-macos-x86_64